{"id":353,"date":"2018-12-27T21:07:42","date_gmt":"2018-12-27T20:07:42","guid":{"rendered":"http:\/\/tanial.art\/?page_id=353"},"modified":"2026-04-15T22:31:44","modified_gmt":"2026-04-15T20:31:44","slug":"about-artist-tania-luchinkina-tanial","status":"publish","type":"page","link":"https:\/\/tanial.art\/?page_id=353","title":{"rendered":"BIO"},"content":{"rendered":"\n<div class=\"wp-block-image\"><figure class=\"alignleft is-resized\"><img loading=\"lazy\" src=\"https:\/\/tanial.art\/wp-content\/uploads\/2021\/11\/68355527_10157599935869430_2668578118624608256_n.jpg\" alt=\"Tania Luchinkina artiste\" class=\"wp-image-2301\" width=\"375\" height=\"375\" srcset=\"https:\/\/tanial.art\/wp-content\/uploads\/2021\/11\/68355527_10157599935869430_2668578118624608256_n.jpg 750w, https:\/\/tanial.art\/wp-content\/uploads\/2021\/11\/68355527_10157599935869430_2668578118624608256_n-300x300.jpg 300w, https:\/\/tanial.art\/wp-content\/uploads\/2021\/11\/68355527_10157599935869430_2668578118624608256_n-150x150.jpg 150w\" sizes=\"(max-width: 375px) 100vw, 375px\" \/><\/figure><\/div>\n\n\n\n<h4><strong><span style=\"color: #000000;\">Tania Luchinkina est artiste peintre. Elle a \u00e9tudi\u00e9 \u00e0 l&rsquo;Acad\u00e9mie des Beaux-Arts de Kiev, o\u00f9 elle a approfondi ses comp\u00e9tences en peinture et en dessin acad\u00e9mique. Apr\u00e8s avoir obtenu son dipl\u00f4me, elle a poursuivi sa formation en illustration pour livres \u00e0 l&rsquo;Institut Polygraphique de Kiev. Cette p\u00e9riode formatrice a \u00e9t\u00e9 essentielle pour son d\u00e9veloppement artistique, lui ouvrant de nouvelles voies d&rsquo;exploration, notamment dans le domaine de l\u2019art.<\/span><\/strong><\/h4>\n\n\n\n<h4><strong><span style=\"color: #000000;\">Aujourd&rsquo;hui, Tania continue de cr\u00e9er en France, o\u00f9 elle poursuit sa carri\u00e8re d\u2019artiste peintre et plasticienne. Son \u0153uvre, qui allie tradition et innovation, t\u00e9moigne de son parcours unique et de sa passion in\u00e9branlable pour l&rsquo;art sous toutes ses formes.<\/span><\/strong><\/h4>\n\n\n\n<h4>&nbsp;<\/h4>\n\n\n\n<h1><span style=\"color: #000000;\">EXPOSITIONS PERSONNELES<\/span><\/h1>\n\n\n\n<p><span style=\"color: #000000;\"><strong>2024<\/strong>&nbsp;<\/span><\/p>\n\n\n\n<p><span style=\"color: #000000;\">26 octobre &#8211; 7 decembre&nbsp;: RETOURS AUX SOURCES au Fonds Culturel de l\u2019Ermitage, Garches<\/span><\/p>\n\n\n\n<p><span style=\"color: #000000;\">8 juillet &#8211; 14 juillet : VOYAGES INTEMPORELS : L&rsquo;ART DE TANIA LUCHINKINA \u00e0 la Maison des &nbsp; Arts, Jaunay-Marigny.<\/span><\/p>\n\n\n\n<p><span style=\"color: #000000;\">3 juin \u2013 16 juin : Exposition personnelle \u00e0 l\u2019Espace Mose, La Roche Posay.<\/span><\/p>\n\n\n\n<p><span style=\"color: #000000;\"><strong>2023<\/strong>&nbsp;<\/span><\/p>\n\n\n\n<p><span style=\"color: #000000;\">18 aout &#8211; 3 septembre : Exposition personnelle \u00e0 l\u2019Espace Mose, La Roche Posay.<\/span><\/p>\n\n\n\n<p><span style=\"color: #000000;\"><strong>2019<\/strong>&nbsp;<\/span><\/p>\n\n\n\n<p><span style=\"color: #000000;\">5 novembre &#8211; 27 novembre : Exposition personnelle \u00e0 l\u2019Espace Beaujon, Paris.<\/span><\/p>\n\n\n\n<h1><span style=\"color: #000000;\">EXPOSITIONS COLLECTIVES<\/span><\/h1>\n\n\n\n<p><strong><span class=\"has-inline-color has-black-color\">2026<\/span><\/strong>&nbsp; <\/p>\n\n\n\n<p>12 janvier &#8211; 31 janvier : Exposition collective \u00e0 la Fondation Taylor, Paris<\/p>\n\n\n\n<p><span style=\"color: #000000;\"><strong>2024<\/strong>&nbsp;<\/span><\/p>\n\n\n\n<p><span style=\"color: #000000;\">28 octobre &#8211; 9 novembre : Exposition collective Les 10 ans du Fons culturel de l\u2019Ermitage, &nbsp; Mairie du 5eme, Paris<\/span><\/p>\n\n\n\n<p><span class=\"has-inline-color has-black-color\">5 octobre : Salon d\u2019\u0153uvres imprim\u00e9es et \u00e9dit\u00e9es, Centre d\u2019art, Ch\u00e2tellerault&nbsp;<\/span><\/p>\n\n\n\n<p><span style=\"color: #000000;\">4 mai &#8211; 12 mai : Exposition collective \u00ab\u00a0Une image vaut 1000 mots\u00a0\u00bb.<\/span><\/p>\n\n\n\n<p><span style=\"color: #000000;\">20 octobre &#8211; 23 octobre : Salon d&rsquo;Automne, Paris.<\/span><\/p>\n\n\n\n<p><span style=\"color: #000000;\"><strong>2022<\/strong> &nbsp;<\/span><\/p>\n\n\n\n<p><span style=\"color: #000000;\">17 septembre &#8211; 16 octobre : Exposition \u00e0 la Galerie de l&rsquo;Est, Compi\u00e8gne.<\/span><\/p>\n\n\n\n<p><span style=\"color: #000000;\">15 fevrier &#8211; 20 fevrier : Salon Art Capital au Grand Palais, Paris.<\/span><\/p>\n\n\n\n<p><span style=\"color: #000000;\">29 janvier &#8211; 27 fevrier : Salon des artistes 2022 &#8211; Ch\u00e2teau d&rsquo;Ardelay, Les Herbiers.<\/span><\/p>\n\n\n\n<p><span style=\"color: #000000;\"><strong>2020&nbsp; <\/strong><\/span><\/p>\n\n\n\n<p><span style=\"color: #000000;\">Exposition \u00e9ph\u00e9m\u00e8re \u00e0 la Biennale de Gentilly<\/span><\/p>\n\n\n\n<p><span style=\"color: #000000;\"><strong>2019<\/strong> &nbsp;<\/span><\/p>\n\n\n\n<p><span style=\"color: #000000;\">13 fevrier- 17 fevrier : Salon Art Capital au Grand Palais, Paris.<\/span><\/p>\n\n\n\n<p><span style=\"color: #000000;\"><strong>2018<\/strong> &nbsp;<\/span><\/p>\n\n\n\n<p><span style=\"color: #000000;\">13 d\u00e9cembre &#8211; 16 d\u00e9cembre : Salon des Beaux-Arts au Carrousel du Louvre, Paris.<\/span><\/p>\n\n\n\n<p><span style=\"color: #000000;\"><strong>2018<\/strong> &nbsp;<\/span><\/p>\n\n\n\n<p><span style=\"color: #000000;\">10 novembre &#8211; 16 novembre : Exposition \u00e0 la galerie The Untitled Factory.<\/span><\/p>\n\n\n\n<p><span style=\"color: #000000;\">Novembre : Finaliste du concours d&rsquo;art international Le Grand Nu (The Great Nude).<\/span><\/p>\n\n\n\n<p><span style=\"color: #000000;\"><strong>1998<\/strong> &nbsp;<\/span><\/p>\n\n\n\n<p><span style=\"color: #000000;\">Biennale de peinture non figurative, Kiev, Ukraine.<\/span><\/p>\n\n\n\n<p><span style=\"color: #000000;\"><strong>1995<\/strong>&nbsp;<\/span><\/p>\n\n\n\n<p><span style=\"color: #000000;\">Blanc, Noir, Rouge. Kyiv, Ukraine.<\/span><\/p>\n\n\n\n<p><span style=\"color: #000000;\"><strong>1994<\/strong>&nbsp;<\/span><\/p>\n\n\n\n<p><span style=\"color: #000000;\">\u00ab\u00a0Polystylisme\u00a0\u00bb, exposition-tourn\u00e9e \u00e0 travers les villes d&rsquo;Allemagne.<\/span><\/p>\n\n\n\n<p><span style=\"color: #000000;\"><strong>1994<\/strong>&nbsp;<\/span><\/p>\n\n\n\n<p><span style=\"color: #000000;\">\u00ab\u00a0Plastique pittoresque\u00a0\u00bb, Mus\u00e9e national d&rsquo;art d&rsquo;Ukraine.<\/span><\/p>\n\n\n\n<p><span style=\"color: #000000;\"><strong>1992<\/strong>&nbsp;<\/span><\/p>\n\n\n\n<p><span style=\"color: #000000;\">\u00ab\u00a0Traditions de Malevitch\u00a0\u00bb, Kiev &#8211; Moscou, Ukraine &#8211; Russie.<\/span><\/p>\n\n\n\n<p><span style=\"color: #000000;\"><strong>1991<\/strong>&nbsp;<\/span><\/p>\n\n\n\n<p><span style=\"color: #000000;\">Exposition d&rsquo;artistes ukrainiens, Chicago, USA.<\/span><\/p>\n\n\n\n<h1><span style=\"color: #000000;\">AWARDS<\/span><\/h1>\n\n\n\n<p class=\"has-black-color has-text-color\">2025  LE PRIX NICOLE MIEL DE FOMMERVAULT de la Fondation Taylor<\/p>\n\n\n\n<p><span style=\"color: #000000;\">The Jury Prize for artistic quality at the International Ooprint Competition (graphics)<\/span><\/p>\n\n\n\n<p><span style=\"color: #000000;\">2012 3rd Prize at the Fiat Creative Contest (video advertising)<\/span><\/p>\n\n\n\n<p><span style=\"color: #000000;\">2011 Special Jury Prize at the Univesal Mobile Eclat TV Competition (video advertising)<\/span><\/p>\n\n\n\n<p><span style=\"color: #000000;\">The 1st Prize in the BlogBang advertise \/ Publicis Contest for an advertisement for Inrockuptibles (video advertisement)<\/span><\/p>\n\n\n\n<p><\/p>\n\n\n\n<h1><span style=\"color: #000000;\"><span class=\"has-inline-color has-black-color\">COLLECTIONS<\/span><\/span><\/h1>\n\n\n\n<p class=\"has-black-color has-text-color\"><span class=\"has-inline-color has-black-color\">Mus\u00e9e national des Beaux-Arts de l&rsquo;Ukraine ( Kiev )<\/span><\/p>\n\n\n\n<p><span class=\"has-inline-color has-black-color\">Fonds Culturel de l\u2019Ermitage, Garches<\/span><\/p>\n\n\n\n<p><span class=\"has-inline-color has-black-color\">Fondation Taylor, Paris<\/span><\/p>\n\n\n\n<p><\/p>\n\n\n\n<figure class=\"wp-block-gallery columns-3 is-cropped\"><ul class=\"blocks-gallery-grid\"><li class=\"blocks-gallery-item\"><figure><a href=\"https:\/\/tanial.art\/?attachment_id=1673\"><img loading=\"lazy\" width=\"1224\" height=\"1632\" src=\"https:\/\/tanial.art\/wp-content\/uploads\/2021\/04\/00IMG_7798-2.jpg\" alt=\"Studio of Tania Luchinkina (TaniaL)\" data-id=\"1673\" data-link=\"https:\/\/tanial.art\/?attachment_id=1673\" class=\"wp-image-1673\" srcset=\"https:\/\/tanial.art\/wp-content\/uploads\/2021\/04\/00IMG_7798-2.jpg 1224w, https:\/\/tanial.art\/wp-content\/uploads\/2021\/04\/00IMG_7798-2-225x300.jpg 225w, https:\/\/tanial.art\/wp-content\/uploads\/2021\/04\/00IMG_7798-2-768x1024.jpg 768w, https:\/\/tanial.art\/wp-content\/uploads\/2021\/04\/00IMG_7798-2-1200x1600.jpg 1200w\" sizes=\"(max-width: 1224px) 100vw, 1224px\" \/><\/a><figcaption class=\"blocks-gallery-item__caption\">Studio of Tania Luchinkina (TaniaL)<\/figcaption><\/figure><\/li><li class=\"blocks-gallery-item\"><figure><a href=\"https:\/\/tanial.art\/?attachment_id=1672\"><img loading=\"lazy\" width=\"1224\" height=\"1632\" src=\"https:\/\/tanial.art\/wp-content\/uploads\/2021\/04\/00IMG_7797-2.jpg\" alt=\"Studio of Tania Luchinkina (TaniaL)\" data-id=\"1672\" data-full-url=\"https:\/\/tanial.art\/wp-content\/uploads\/2021\/04\/00IMG_7797-2.jpg\" data-link=\"https:\/\/tanial.art\/?attachment_id=1672\" class=\"wp-image-1672\" srcset=\"https:\/\/tanial.art\/wp-content\/uploads\/2021\/04\/00IMG_7797-2.jpg 1224w, https:\/\/tanial.art\/wp-content\/uploads\/2021\/04\/00IMG_7797-2-225x300.jpg 225w, https:\/\/tanial.art\/wp-content\/uploads\/2021\/04\/00IMG_7797-2-768x1024.jpg 768w, https:\/\/tanial.art\/wp-content\/uploads\/2021\/04\/00IMG_7797-2-1200x1600.jpg 1200w\" sizes=\"(max-width: 1224px) 100vw, 1224px\" \/><\/a><figcaption class=\"blocks-gallery-item__caption\">Studio of Tania Luchinkina (TaniaL)<\/figcaption><\/figure><\/li><li class=\"blocks-gallery-item\"><figure><a href=\"https:\/\/tanial.art\/?attachment_id=1863\"><img loading=\"lazy\" width=\"720\" height=\"960\" src=\"https:\/\/tanial.art\/wp-content\/uploads\/2021\/09\/tania-luchinkina_atelier.jpg\" alt=\"\" data-id=\"1863\" data-link=\"https:\/\/tanial.art\/?attachment_id=1863\" class=\"wp-image-1863\" srcset=\"https:\/\/tanial.art\/wp-content\/uploads\/2021\/09\/tania-luchinkina_atelier.jpg 720w, https:\/\/tanial.art\/wp-content\/uploads\/2021\/09\/tania-luchinkina_atelier-225x300.jpg 225w\" sizes=\"(max-width: 720px) 100vw, 720px\" \/><\/a><figcaption class=\"blocks-gallery-item__caption\"> Studio Tania Luchinkina (TaniaL) <\/figcaption><\/figure><\/li><li class=\"blocks-gallery-item\"><figure><a href=\"https:\/\/tanial.art\/?attachment_id=1650\"><img loading=\"lazy\" width=\"2474\" height=\"1986\" src=\"https:\/\/tanial.art\/wp-content\/uploads\/2021\/01\/5fe3f4aa40fbaed23f8b47cc.jpg\" alt=\"Artiste Tania Luchinkina dans son atelier,\" data-id=\"1650\" data-link=\"https:\/\/tanial.art\/?attachment_id=1650\" class=\"wp-image-1650\" srcset=\"https:\/\/tanial.art\/wp-content\/uploads\/2021\/01\/5fe3f4aa40fbaed23f8b47cc.jpg 2474w, https:\/\/tanial.art\/wp-content\/uploads\/2021\/01\/5fe3f4aa40fbaed23f8b47cc-300x241.jpg 300w, https:\/\/tanial.art\/wp-content\/uploads\/2021\/01\/5fe3f4aa40fbaed23f8b47cc-768x617.jpg 768w, https:\/\/tanial.art\/wp-content\/uploads\/2021\/01\/5fe3f4aa40fbaed23f8b47cc-1024x822.jpg 1024w, https:\/\/tanial.art\/wp-content\/uploads\/2021\/01\/5fe3f4aa40fbaed23f8b47cc-1200x963.jpg 1200w\" sizes=\"(max-width: 2474px) 100vw, 2474px\" \/><\/a><figcaption class=\"blocks-gallery-item__caption\"> Studio Tania Luchinkina (TaniaL) <\/figcaption><\/figure><\/li><\/ul><\/figure>\n\n\n\n<p>COLLECTIONS<\/p>\n\n\n\n<figure class=\"wp-block-gallery columns-1 is-cropped\"><ul class=\"blocks-gallery-grid\"><li class=\"blocks-gallery-item\"><figure><img loading=\"lazy\" width=\"2048\" height=\"1018\" src=\"https:\/\/tanial.art\/wp-content\/uploads\/2021\/09\/123920144_10158960234464430_2755039110118418474_o-2.jpg\" alt=\"\" data-id=\"1893\" data-full-url=\"https:\/\/tanial.art\/wp-content\/uploads\/2021\/09\/123920144_10158960234464430_2755039110118418474_o-2.jpg\" data-link=\"https:\/\/tanial.art\/?attachment_id=1893\" class=\"wp-image-1893\" srcset=\"https:\/\/tanial.art\/wp-content\/uploads\/2021\/09\/123920144_10158960234464430_2755039110118418474_o-2.jpg 2048w, https:\/\/tanial.art\/wp-content\/uploads\/2021\/09\/123920144_10158960234464430_2755039110118418474_o-2-300x149.jpg 300w, https:\/\/tanial.art\/wp-content\/uploads\/2021\/09\/123920144_10158960234464430_2755039110118418474_o-2-1024x509.jpg 1024w, https:\/\/tanial.art\/wp-content\/uploads\/2021\/09\/123920144_10158960234464430_2755039110118418474_o-2-768x382.jpg 768w, https:\/\/tanial.art\/wp-content\/uploads\/2021\/09\/123920144_10158960234464430_2755039110118418474_o-2-1536x764.jpg 1536w\" sizes=\"(max-width: 2048px) 100vw, 2048px\" \/><\/figure><\/li><\/ul><\/figure>\n","protected":false},"excerpt":{"rendered":"<p>Tania Luchinkina est artiste peintre. Elle a \u00e9tudi\u00e9 \u00e0 l&rsquo;Acad\u00e9mie des Beaux-Arts de Kiev, o\u00f9 elle a approfondi ses comp\u00e9tences en peinture et en dessin acad\u00e9mique. Apr\u00e8s avoir obtenu son dipl\u00f4me, elle a poursuivi sa formation en illustration pour livres \u00e0 l&rsquo;Institut Polygraphique de Kiev. Cette p\u00e9riode formatrice a \u00e9t\u00e9 essentielle pour son d\u00e9veloppement artistique, [&hellip;]<\/p>\n","protected":false},"author":1,"featured_media":0,"parent":0,"menu_order":0,"comment_status":"closed","ping_status":"closed","template":"","meta":[],"yoast_head":"<!-- This site is optimized with the Yoast SEO plugin v19.4 - https:\/\/yoast.com\/wordpress\/plugins\/seo\/ -->\n<title>BIO -<\/title>\n<meta name=\"robots\" content=\"index, follow, max-snippet:-1, max-image-preview:large, max-video-preview:-1\" \/>\n<link rel=\"canonical\" href=\"https:\/\/tanial.art\/?page_id=353\" \/>\n<meta property=\"og:locale\" content=\"fr_FR\" \/>\n<meta property=\"og:type\" content=\"article\" \/>\n<meta property=\"og:title\" content=\"BIO -\" \/>\n<meta property=\"og:description\" content=\"Tania Luchinkina est artiste peintre. Elle a \u00e9tudi\u00e9 \u00e0 l&rsquo;Acad\u00e9mie des Beaux-Arts de Kiev, o\u00f9 elle a approfondi ses comp\u00e9tences en peinture et en dessin acad\u00e9mique. Apr\u00e8s avoir obtenu son dipl\u00f4me, elle a poursuivi sa formation en illustration pour livres \u00e0 l&rsquo;Institut Polygraphique de Kiev. Cette p\u00e9riode formatrice a \u00e9t\u00e9 essentielle pour son d\u00e9veloppement artistique, [&hellip;]\" \/>\n<meta property=\"og:url\" content=\"https:\/\/tanial.art\/?page_id=353\" \/>\n<meta property=\"article:modified_time\" content=\"2026-04-15T20:31:44+00:00\" \/>\n<meta property=\"og:image\" content=\"https:\/\/tanial.art\/wp-content\/uploads\/2021\/11\/68355527_10157599935869430_2668578118624608256_n.jpg\" \/>\n<meta name=\"twitter:card\" content=\"summary_large_image\" \/>\n<meta name=\"twitter:label1\" content=\"Dur\u00e9e de lecture estim\u00e9e\" \/>\n\t<meta name=\"twitter:data1\" content=\"4 minutes\" \/>\n<script type=\"application\/ld+json\" class=\"yoast-schema-graph\">{\"@context\":\"https:\/\/schema.org\",\"@graph\":[{\"@type\":\"WebSite\",\"@id\":\"https:\/\/tanial.art\/#website\",\"url\":\"https:\/\/tanial.art\/\",\"name\":\"\",\"description\":\"\",\"potentialAction\":[{\"@type\":\"SearchAction\",\"target\":{\"@type\":\"EntryPoint\",\"urlTemplate\":\"https:\/\/tanial.art\/?s={search_term_string}\"},\"query-input\":\"required name=search_term_string\"}],\"inLanguage\":\"fr-FR\"},{\"@type\":\"WebPage\",\"@id\":\"https:\/\/tanial.art\/?page_id=353\",\"url\":\"https:\/\/tanial.art\/?page_id=353\",\"name\":\"BIO -\",\"isPartOf\":{\"@id\":\"https:\/\/tanial.art\/#website\"},\"datePublished\":\"2018-12-27T20:07:42+00:00\",\"dateModified\":\"2026-04-15T20:31:44+00:00\",\"breadcrumb\":{\"@id\":\"https:\/\/tanial.art\/?page_id=353#breadcrumb\"},\"inLanguage\":\"fr-FR\",\"potentialAction\":[{\"@type\":\"ReadAction\",\"target\":[\"https:\/\/tanial.art\/?page_id=353\"]}]},{\"@type\":\"BreadcrumbList\",\"@id\":\"https:\/\/tanial.art\/?page_id=353#breadcrumb\",\"itemListElement\":[{\"@type\":\"ListItem\",\"position\":1,\"name\":\"Accueil\",\"item\":\"https:\/\/tanial.art\/\"},{\"@type\":\"ListItem\",\"position\":2,\"name\":\"BIO\"}]}]}<\/script>\n<!-- \/ Yoast SEO plugin. -->","yoast_head_json":{"title":"BIO -","robots":{"index":"index","follow":"follow","max-snippet":"max-snippet:-1","max-image-preview":"max-image-preview:large","max-video-preview":"max-video-preview:-1"},"canonical":"https:\/\/tanial.art\/?page_id=353","og_locale":"fr_FR","og_type":"article","og_title":"BIO -","og_description":"Tania Luchinkina est artiste peintre. Elle a \u00e9tudi\u00e9 \u00e0 l&rsquo;Acad\u00e9mie des Beaux-Arts de Kiev, o\u00f9 elle a approfondi ses comp\u00e9tences en peinture et en dessin acad\u00e9mique. Apr\u00e8s avoir obtenu son dipl\u00f4me, elle a poursuivi sa formation en illustration pour livres \u00e0 l&rsquo;Institut Polygraphique de Kiev. Cette p\u00e9riode formatrice a \u00e9t\u00e9 essentielle pour son d\u00e9veloppement artistique, [&hellip;]","og_url":"https:\/\/tanial.art\/?page_id=353","article_modified_time":"2026-04-15T20:31:44+00:00","og_image":[{"url":"https:\/\/tanial.art\/wp-content\/uploads\/2021\/11\/68355527_10157599935869430_2668578118624608256_n.jpg"}],"twitter_card":"summary_large_image","twitter_misc":{"Dur\u00e9e de lecture estim\u00e9e":"4 minutes"},"schema":{"@context":"https:\/\/schema.org","@graph":[{"@type":"WebSite","@id":"https:\/\/tanial.art\/#website","url":"https:\/\/tanial.art\/","name":"","description":"","potentialAction":[{"@type":"SearchAction","target":{"@type":"EntryPoint","urlTemplate":"https:\/\/tanial.art\/?s={search_term_string}"},"query-input":"required name=search_term_string"}],"inLanguage":"fr-FR"},{"@type":"WebPage","@id":"https:\/\/tanial.art\/?page_id=353","url":"https:\/\/tanial.art\/?page_id=353","name":"BIO -","isPartOf":{"@id":"https:\/\/tanial.art\/#website"},"datePublished":"2018-12-27T20:07:42+00:00","dateModified":"2026-04-15T20:31:44+00:00","breadcrumb":{"@id":"https:\/\/tanial.art\/?page_id=353#breadcrumb"},"inLanguage":"fr-FR","potentialAction":[{"@type":"ReadAction","target":["https:\/\/tanial.art\/?page_id=353"]}]},{"@type":"BreadcrumbList","@id":"https:\/\/tanial.art\/?page_id=353#breadcrumb","itemListElement":[{"@type":"ListItem","position":1,"name":"Accueil","item":"https:\/\/tanial.art\/"},{"@type":"ListItem","position":2,"name":"BIO"}]}]}},"_links":{"self":[{"href":"https:\/\/tanial.art\/index.php?rest_route=\/wp\/v2\/pages\/353"}],"collection":[{"href":"https:\/\/tanial.art\/index.php?rest_route=\/wp\/v2\/pages"}],"about":[{"href":"https:\/\/tanial.art\/index.php?rest_route=\/wp\/v2\/types\/page"}],"author":[{"embeddable":true,"href":"https:\/\/tanial.art\/index.php?rest_route=\/wp\/v2\/users\/1"}],"replies":[{"embeddable":true,"href":"https:\/\/tanial.art\/index.php?rest_route=%2Fwp%2Fv2%2Fcomments&post=353"}],"version-history":[{"count":59,"href":"https:\/\/tanial.art\/index.php?rest_route=\/wp\/v2\/pages\/353\/revisions"}],"predecessor-version":[{"id":2770,"href":"https:\/\/tanial.art\/index.php?rest_route=\/wp\/v2\/pages\/353\/revisions\/2770"}],"wp:attachment":[{"href":"https:\/\/tanial.art\/index.php?rest_route=%2Fwp%2Fv2%2Fmedia&parent=353"}],"curies":[{"name":"wp","href":"https:\/\/api.w.org\/{rel}","templated":true}]}}