{"id":2611,"date":"2025-05-04T22:55:31","date_gmt":"2025-05-04T20:55:31","guid":{"rendered":"https:\/\/tanial.art\/?page_id=2611"},"modified":"2025-05-18T09:42:31","modified_gmt":"2025-05-18T07:42:31","slug":"projet-espace-temps","status":"publish","type":"page","link":"https:\/\/tanial.art\/?page_id=2611","title":{"rendered":"PROJET : ESPACE &#8211; TEMPS"},"content":{"rendered":"\n<p class=\"has-black-color has-text-color\">Cette s\u00e9rie explore la porosit\u00e9 entre les temporalit\u00e9s : celle d&rsquo;un pass\u00e9 artistique r\u00e9volu et celle, instable, de notre pr\u00e9sent. Chaque \u0153uvre ancienne devient ici un point d&rsquo;ancrage, un fragment initial autour duquel se d\u00e9ploie une nouvelle narration visuelle, contemporaine.<\/p>\n\n\n\n<p class=\"has-black-color has-text-color\">L&rsquo;espace-temps n&rsquo;est pas trait\u00e9 comme une donn\u00e9e lin\u00e9aire mais comme une mati\u00e8re plastique, fluide. Le pass\u00e9 n&rsquo;est pas fig\u00e9 : il se r\u00e9active, se reconfigure, entre en friction avec notre \u00e9poque. Les personnages, les motifs, les symboles sont issus d&rsquo;\u0153uvres anciennes traversant les strates temporelles pour habiter notre aujourd&rsquo;hui \u2014 non comme des reliques, mais comme des pr\u00e9sences r\u00e9invent\u00e9es.<\/p>\n\n\n\n<p class=\"has-black-color has-text-color\">Ces \u0153uvres incarnent ainsi une tension f\u00e9conde entre fid\u00e9lit\u00e9 \u00e0 une origine et ouverture vers une temporalit\u00e9 \u00e9largie. Elles posent la question : et si le pass\u00e9, plut\u00f4t que d&rsquo;\u00eatre derri\u00e8re nous, se poursuivait \u00e0 travers nous ?<\/p>\n\n\n\n<p class=\"has-black-color has-text-color\">.<\/p>\n\n\n\n<div class=\"wp-block-dgwt-justified-gallery\">\n\t\t<style type=\"text\/css\">\n\t\t\t#gallery-1 {\n\t\t\t\tmargin: auto;\n\t\t\t}\n\t\t\t#gallery-1 .gallery-item {\n\t\t\t\tfloat: left;\n\t\t\t\tmargin-top: 10px;\n\t\t\t\ttext-align: center;\n\t\t\t\twidth: 33%;\n\t\t\t}\n\t\t\t#gallery-1 img {\n\t\t\t\tborder: 2px solid #cfcfcf;\n\t\t\t}\n\t\t\t#gallery-1 .gallery-caption {\n\t\t\t\tmargin-left: 0;\n\t\t\t}\n\t\t\t\/* see gallery_shortcode() in wp-includes\/media.php *\/\n\t\t<\/style>\n\t\t<div id='gallery-1' class='gallery galleryid-2611 gallery-columns-3 gallery-size-thumbnail'><dl class='gallery-item'>\n\t\t\t<dt class='gallery-icon portrait'>\n\t\t\t\t<a href='https:\/\/tanial.art\/?attachment_id=185'><img width=\"150\" height=\"150\" src=\"https:\/\/tanial.art\/wp-content\/uploads\/2017\/11\/infanta_1000px-150x150.jpg\" class=\"attachment-thumbnail size-thumbnail\" alt=\"\" loading=\"lazy\" \/><\/a>\n\t\t\t<\/dt><\/dl><dl class='gallery-item'>\n\t\t\t<dt class='gallery-icon landscape'>\n\t\t\t\t<a href='https:\/\/tanial.art\/?attachment_id=2058'><img width=\"150\" height=\"150\" src=\"https:\/\/tanial.art\/wp-content\/uploads\/2021\/09\/infanta-150x150.jpg\" class=\"attachment-thumbnail size-thumbnail\" alt=\"artiste Tania Luchinkina (TaniaL)\" loading=\"lazy\" \/><\/a>\n\t\t\t<\/dt><\/dl><dl class='gallery-item'>\n\t\t\t<dt class='gallery-icon landscape'>\n\t\t\t\t<a href='https:\/\/tanial.art\/?attachment_id=2059'><img width=\"150\" height=\"150\" src=\"https:\/\/tanial.art\/wp-content\/uploads\/2021\/09\/infanta1-150x150.jpg\" class=\"attachment-thumbnail size-thumbnail\" alt=\"artiste Tania Luchinkina (TaniaL)\" loading=\"lazy\" \/><\/a>\n\t\t\t<\/dt><\/dl><br style=\"clear: both\" \/><dl class='gallery-item'>\n\t\t\t<dt class='gallery-icon landscape'>\n\t\t\t\t<a href='https:\/\/tanial.art\/?attachment_id=2060'><img width=\"150\" height=\"150\" src=\"https:\/\/tanial.art\/wp-content\/uploads\/2021\/09\/infanta2-150x150.jpg\" class=\"attachment-thumbnail size-thumbnail\" alt=\"artiste Tania Luchinkina (TaniaL)\" loading=\"lazy\" \/><\/a>\n\t\t\t<\/dt><\/dl><dl class='gallery-item'>\n\t\t\t<dt class='gallery-icon landscape'>\n\t\t\t\t<a href='https:\/\/tanial.art\/?attachment_id=1893'><img width=\"150\" height=\"150\" src=\"https:\/\/tanial.art\/wp-content\/uploads\/2021\/09\/123920144_10158960234464430_2755039110118418474_o-2-150x150.jpg\" class=\"attachment-thumbnail size-thumbnail\" alt=\"artiste Tania Luchinkina (TaniaL)\" loading=\"lazy\" \/><\/a>\n\t\t\t<\/dt><\/dl>\n\t\t\t<br style='clear: both' \/>\n\t\t<\/div>\n<\/div>\n\n\n\n<p class=\"has-black-color has-text-color\"><span class=\"has-inline-color has-black-color\"><strong>D\u00e9couverte de l\u2019\u0153uvre de Velasquez, Infante<\/strong>, <\/span> sculpture \/peinture \u00e0 l&rsquo;huile , support de ma cr\u00e9ation, 2008<\/p>\n\n\n\n<figure class=\"wp-block-image size-full is-resized\"><img loading=\"lazy\" src=\"https:\/\/tanial.art\/wp-content\/uploads\/2021\/09\/blanc-1.jpg\" alt=\"\" class=\"wp-image-2108\" width=\"57\" height=\"125\"\/><\/figure>\n\n\n\n<div class=\"wp-block-dgwt-justified-gallery\">\n\t\t<style type=\"text\/css\">\n\t\t\t#gallery-2 {\n\t\t\t\tmargin: auto;\n\t\t\t}\n\t\t\t#gallery-2 .gallery-item {\n\t\t\t\tfloat: left;\n\t\t\t\tmargin-top: 10px;\n\t\t\t\ttext-align: center;\n\t\t\t\twidth: 33%;\n\t\t\t}\n\t\t\t#gallery-2 img {\n\t\t\t\tborder: 2px solid #cfcfcf;\n\t\t\t}\n\t\t\t#gallery-2 .gallery-caption {\n\t\t\t\tmargin-left: 0;\n\t\t\t}\n\t\t\t\/* see gallery_shortcode() in wp-includes\/media.php *\/\n\t\t<\/style>\n\t\t<div id='gallery-2' class='gallery galleryid-2611 gallery-columns-3 gallery-size-thumbnail'><dl class='gallery-item'>\n\t\t\t<dt class='gallery-icon landscape'>\n\t\t\t\t<a href='https:\/\/tanial.art\/?attachment_id=183'><img width=\"150\" height=\"150\" src=\"https:\/\/tanial.art\/wp-content\/uploads\/2017\/11\/durer_1000px-150x150.jpg\" class=\"attachment-thumbnail size-thumbnail\" alt=\"\" loading=\"lazy\" \/><\/a>\n\t\t\t<\/dt><\/dl><dl class='gallery-item'>\n\t\t\t<dt class='gallery-icon landscape'>\n\t\t\t\t<a href='https:\/\/tanial.art\/?attachment_id=2035'><img width=\"150\" height=\"150\" src=\"https:\/\/tanial.art\/wp-content\/uploads\/2021\/09\/durer_corps1-150x150.jpg\" class=\"attachment-thumbnail size-thumbnail\" alt=\"artiste Tania Luchinkina (TaniaL)\" loading=\"lazy\" \/><\/a>\n\t\t\t<\/dt><\/dl><dl class='gallery-item'>\n\t\t\t<dt class='gallery-icon portrait'>\n\t\t\t\t<a href='https:\/\/tanial.art\/?attachment_id=2034'><img width=\"150\" height=\"150\" src=\"https:\/\/tanial.art\/wp-content\/uploads\/2021\/09\/durer_corps-150x150.jpg\" class=\"attachment-thumbnail size-thumbnail\" alt=\"artiste Tania Luchinkina (TaniaL)\" loading=\"lazy\" \/><\/a>\n\t\t\t<\/dt><\/dl><br style=\"clear: both\" \/><dl class='gallery-item'>\n\t\t\t<dt class='gallery-icon landscape'>\n\t\t\t\t<a href='https:\/\/tanial.art\/?attachment_id=2036'><img width=\"150\" height=\"150\" src=\"https:\/\/tanial.art\/wp-content\/uploads\/2021\/09\/durer_pomme-150x150.jpg\" class=\"attachment-thumbnail size-thumbnail\" alt=\"Tania Luchinkina artiste\" loading=\"lazy\" \/><\/a>\n\t\t\t<\/dt><\/dl>\n\t\t\t<br style='clear: both' \/>\n\t\t<\/div>\n<\/div>\n\n\n\n<p class=\"has-black-color has-text-color\"><span class=\"has-inline-color has-black-color\"><strong>D\u00e9couverte de l\u2019\u0153uvre de D\u00fcrer, Adam et Eve<\/strong><\/span>, sculpture \/peinture \u00e0 l&rsquo;huile , support de ma cr\u00e9ation, 2008 <\/p>\n\n\n\n<figure class=\"wp-block-image size-full is-resized\"><img loading=\"lazy\" src=\"https:\/\/tanial.art\/wp-content\/uploads\/2021\/09\/blanc-1.jpg\" alt=\"\" class=\"wp-image-2108\" width=\"57\" height=\"125\"\/><\/figure>\n\n\n\n<div class=\"wp-block-dgwt-justified-gallery\">\n\t\t<style type=\"text\/css\">\n\t\t\t#gallery-3 {\n\t\t\t\tmargin: auto;\n\t\t\t}\n\t\t\t#gallery-3 .gallery-item {\n\t\t\t\tfloat: left;\n\t\t\t\tmargin-top: 10px;\n\t\t\t\ttext-align: center;\n\t\t\t\twidth: 33%;\n\t\t\t}\n\t\t\t#gallery-3 img {\n\t\t\t\tborder: 2px solid #cfcfcf;\n\t\t\t}\n\t\t\t#gallery-3 .gallery-caption {\n\t\t\t\tmargin-left: 0;\n\t\t\t}\n\t\t\t\/* see gallery_shortcode() in wp-includes\/media.php *\/\n\t\t<\/style>\n\t\t<div id='gallery-3' class='gallery galleryid-2611 gallery-columns-3 gallery-size-thumbnail'><dl class='gallery-item'>\n\t\t\t<dt class='gallery-icon landscape'>\n\t\t\t\t<a href='https:\/\/tanial.art\/?attachment_id=898'><img width=\"150\" height=\"150\" src=\"https:\/\/tanial.art\/wp-content\/uploads\/2019\/04\/tete_antique1-2-150x150.jpg\" class=\"attachment-thumbnail size-thumbnail\" alt=\"Laboratory of classical drawing. Diadumene of Polyclete. Artist Tania Luchinkina (TaniaL)\" loading=\"lazy\" \/><\/a>\n\t\t\t<\/dt><\/dl><dl class='gallery-item'>\n\t\t\t<dt class='gallery-icon landscape'>\n\t\t\t\t<a href='https:\/\/tanial.art\/?attachment_id=2232'><img width=\"150\" height=\"150\" src=\"https:\/\/tanial.art\/wp-content\/uploads\/2021\/11\/tete_antique-150x150.jpg\" class=\"attachment-thumbnail size-thumbnail\" alt=\"artiste Tania Luchinkina, TaniaL\" loading=\"lazy\" \/><\/a>\n\t\t\t<\/dt><\/dl><dl class='gallery-item'>\n\t\t\t<dt class='gallery-icon landscape'>\n\t\t\t\t<a href='https:\/\/tanial.art\/?attachment_id=897'><img width=\"150\" height=\"150\" src=\"https:\/\/tanial.art\/wp-content\/uploads\/2019\/04\/tete_antique-150x150.jpg\" class=\"attachment-thumbnail size-thumbnail\" alt=\"Laboratory of classical drawing. Diadumene of Polyclete. Artist Tania Luchinkina (TaniaL)\" loading=\"lazy\" srcset=\"https:\/\/tanial.art\/wp-content\/uploads\/2019\/04\/tete_antique-150x150.jpg 150w, https:\/\/tanial.art\/wp-content\/uploads\/2019\/04\/tete_antique-300x300.jpg 300w, https:\/\/tanial.art\/wp-content\/uploads\/2019\/04\/tete_antique-768x768.jpg 768w, https:\/\/tanial.art\/wp-content\/uploads\/2019\/04\/tete_antique-1024x1024.jpg 1024w, https:\/\/tanial.art\/wp-content\/uploads\/2019\/04\/tete_antique-1200x1200.jpg 1200w, https:\/\/tanial.art\/wp-content\/uploads\/2019\/04\/tete_antique.jpg 1786w\" sizes=\"(max-width: 150px) 100vw, 150px\" \/><\/a>\n\t\t\t<\/dt><\/dl><br style=\"clear: both\" \/><dl class='gallery-item'>\n\t\t\t<dt class='gallery-icon landscape'>\n\t\t\t\t<a href='https:\/\/tanial.art\/?attachment_id=900'><img width=\"150\" height=\"150\" src=\"https:\/\/tanial.art\/wp-content\/uploads\/2019\/04\/tete_antique3-4-150x150.jpg\" class=\"attachment-thumbnail size-thumbnail\" alt=\"Laboratory of classical drawing. Diadumene of Polyclete. Artist Tania Luchinkina (TaniaL)\" loading=\"lazy\" \/><\/a>\n\t\t\t<\/dt><\/dl>\n\t\t\t<br style='clear: both' \/>\n\t\t<\/div>\n<\/div>\n\n\n\n<p class=\"has-black-color has-text-color\"><span class=\"has-inline-color has-black-color\"><strong>Processus de r\u00e9alisation du dessin<\/strong><\/span>, sculpture \/dessin, peinture \u00e0 l&rsquo;huile , support de ma cr\u00e9ation, 2008  <\/p>\n\n\n\n<figure class=\"wp-block-image size-full is-resized\"><img loading=\"lazy\" src=\"https:\/\/tanial.art\/wp-content\/uploads\/2021\/09\/blanc-1.jpg\" alt=\"\" class=\"wp-image-2108\" width=\"57\" height=\"125\"\/><\/figure>\n\n\n\n<div class=\"wp-block-dgwt-justified-gallery\">\n\t\t<style type=\"text\/css\">\n\t\t\t#gallery-4 {\n\t\t\t\tmargin: auto;\n\t\t\t}\n\t\t\t#gallery-4 .gallery-item {\n\t\t\t\tfloat: left;\n\t\t\t\tmargin-top: 10px;\n\t\t\t\ttext-align: center;\n\t\t\t\twidth: 33%;\n\t\t\t}\n\t\t\t#gallery-4 img {\n\t\t\t\tborder: 2px solid #cfcfcf;\n\t\t\t}\n\t\t\t#gallery-4 .gallery-caption {\n\t\t\t\tmargin-left: 0;\n\t\t\t}\n\t\t\t\/* see gallery_shortcode() in wp-includes\/media.php *\/\n\t\t<\/style>\n\t\t<div id='gallery-4' class='gallery galleryid-2611 gallery-columns-3 gallery-size-thumbnail'><dl class='gallery-item'>\n\t\t\t<dt class='gallery-icon landscape'>\n\t\t\t\t<a href='https:\/\/tanial.art\/?attachment_id=2247'><img width=\"150\" height=\"150\" src=\"https:\/\/tanial.art\/wp-content\/uploads\/2021\/11\/Tania-Luchinkina_pardon-4-150x150.jpg\" class=\"attachment-thumbnail size-thumbnail\" alt=\"artiste Tania Luchinkina (TaniaL)\" loading=\"lazy\" \/><\/a>\n\t\t\t<\/dt><\/dl><dl class='gallery-item'>\n\t\t\t<dt class='gallery-icon portrait'>\n\t\t\t\t<a href='https:\/\/tanial.art\/?attachment_id=1335'><img width=\"150\" height=\"150\" src=\"https:\/\/tanial.art\/wp-content\/uploads\/2020\/03\/Tania_Luchinkina_pardon-non-assum\u00e91-150x150.jpg\" class=\"attachment-thumbnail size-thumbnail\" alt=\"TaniaL Tania Luchinkina artist\" loading=\"lazy\" \/><\/a>\n\t\t\t<\/dt><\/dl>\n\t\t\t<br style='clear: both' \/>\n\t\t<\/div>\n<\/div>\n\n\n\n<p class=\"has-black-color has-text-color\"><strong>Pardon non assum\u00e9, d\u00e9gradation de l\u2019\u00e2me humaine suite \u00e0 un pardon non assum\u00e9<\/strong>, sculpture \/ peinture \u00e0 l&rsquo;huile , support de ma cr\u00e9ation, 2008  <\/p>\n\n\n\n<figure class=\"wp-block-image size-full is-resized\"><img loading=\"lazy\" src=\"https:\/\/tanial.art\/wp-content\/uploads\/2021\/09\/blanc-1.jpg\" alt=\"\" class=\"wp-image-2108\" width=\"57\" height=\"125\"\/><\/figure>\n\n\n\n<div class=\"wp-block-dgwt-justified-gallery\">\n\t\t<style type=\"text\/css\">\n\t\t\t#gallery-5 {\n\t\t\t\tmargin: auto;\n\t\t\t}\n\t\t\t#gallery-5 .gallery-item {\n\t\t\t\tfloat: left;\n\t\t\t\tmargin-top: 10px;\n\t\t\t\ttext-align: center;\n\t\t\t\twidth: 33%;\n\t\t\t}\n\t\t\t#gallery-5 img {\n\t\t\t\tborder: 2px solid #cfcfcf;\n\t\t\t}\n\t\t\t#gallery-5 .gallery-caption {\n\t\t\t\tmargin-left: 0;\n\t\t\t}\n\t\t\t\/* see gallery_shortcode() in wp-includes\/media.php *\/\n\t\t<\/style>\n\t\t<div id='gallery-5' class='gallery galleryid-2611 gallery-columns-3 gallery-size-thumbnail'><dl class='gallery-item'>\n\t\t\t<dt class='gallery-icon landscape'>\n\t\t\t\t<a href='https:\/\/tanial.art\/?attachment_id=302'><img width=\"150\" height=\"150\" src=\"https:\/\/tanial.art\/wp-content\/uploads\/2017\/11\/tania-L_naissance-de-l-oeuvre1-150x150.jpg\" class=\"attachment-thumbnail size-thumbnail\" alt=\"artist Tania Luchinkina Tania L Birth of painting resin-coated paper, acrylic painted as watercolor; 61x150 cms\" loading=\"lazy\" \/><\/a>\n\t\t\t<\/dt><\/dl><dl class='gallery-item'>\n\t\t\t<dt class='gallery-icon landscape'>\n\t\t\t\t<a href='https:\/\/tanial.art\/?attachment_id=285'><img width=\"150\" height=\"150\" src=\"https:\/\/tanial.art\/wp-content\/uploads\/2017\/11\/naissance-de-loeuvre_petit-1-150x150.jpg\" class=\"attachment-thumbnail size-thumbnail\" alt=\"Naissance de l&#039;oeuvre, Tania L artist\" loading=\"lazy\" \/><\/a>\n\t\t\t<\/dt><\/dl><dl class='gallery-item'>\n\t\t\t<dt class='gallery-icon portrait'>\n\t\t\t\t<a href='https:\/\/tanial.art\/?attachment_id=303'><img width=\"150\" height=\"150\" src=\"https:\/\/tanial.art\/wp-content\/uploads\/2017\/11\/48392344_10157013559169430_7470273271183704064_o-150x150.jpg\" class=\"attachment-thumbnail size-thumbnail\" alt=\"\" loading=\"lazy\" \/><\/a>\n\t\t\t<\/dt><\/dl><br style=\"clear: both\" \/>\n\t\t<\/div>\n<\/div>\n\n\n\n<p>Acrylique sur un papier r\u00e9sin\u00e9,  2018<\/p>\n","protected":false},"excerpt":{"rendered":"<p>Cette s\u00e9rie explore la porosit\u00e9 entre les temporalit\u00e9s : celle d&rsquo;un pass\u00e9 artistique r\u00e9volu et celle, instable, de notre pr\u00e9sent. Chaque \u0153uvre ancienne devient ici un point d&rsquo;ancrage, un fragment initial autour duquel se d\u00e9ploie une nouvelle narration visuelle, contemporaine. L&rsquo;espace-temps n&rsquo;est pas trait\u00e9 comme une donn\u00e9e lin\u00e9aire mais comme une mati\u00e8re plastique, fluide. Le [&hellip;]<\/p>\n","protected":false},"author":1,"featured_media":0,"parent":0,"menu_order":0,"comment_status":"closed","ping_status":"closed","template":"","meta":[],"yoast_head":"<!-- This site is optimized with the Yoast SEO plugin v19.4 - https:\/\/yoast.com\/wordpress\/plugins\/seo\/ -->\n<title>PROJET : ESPACE - TEMPS -<\/title>\n<meta name=\"robots\" content=\"index, follow, max-snippet:-1, max-image-preview:large, max-video-preview:-1\" \/>\n<link rel=\"canonical\" href=\"https:\/\/tanial.art\/?page_id=2611\" \/>\n<meta property=\"og:locale\" content=\"fr_FR\" \/>\n<meta property=\"og:type\" content=\"article\" \/>\n<meta property=\"og:title\" content=\"PROJET : ESPACE - TEMPS -\" \/>\n<meta property=\"og:description\" content=\"Cette s\u00e9rie explore la porosit\u00e9 entre les temporalit\u00e9s : celle d&rsquo;un pass\u00e9 artistique r\u00e9volu et celle, instable, de notre pr\u00e9sent. Chaque \u0153uvre ancienne devient ici un point d&rsquo;ancrage, un fragment initial autour duquel se d\u00e9ploie une nouvelle narration visuelle, contemporaine. L&rsquo;espace-temps n&rsquo;est pas trait\u00e9 comme une donn\u00e9e lin\u00e9aire mais comme une mati\u00e8re plastique, fluide. Le [&hellip;]\" \/>\n<meta property=\"og:url\" content=\"https:\/\/tanial.art\/?page_id=2611\" \/>\n<meta property=\"article:modified_time\" content=\"2025-05-18T07:42:31+00:00\" \/>\n<meta property=\"og:image\" content=\"https:\/\/tanial.art\/wp-content\/uploads\/2017\/11\/infanta_1000px-286x300.jpg\" \/>\n<meta name=\"twitter:card\" content=\"summary_large_image\" \/>\n<meta name=\"twitter:label1\" content=\"Dur\u00e9e de lecture estim\u00e9e\" \/>\n\t<meta name=\"twitter:data1\" content=\"2 minutes\" \/>\n<script type=\"application\/ld+json\" class=\"yoast-schema-graph\">{\"@context\":\"https:\/\/schema.org\",\"@graph\":[{\"@type\":\"WebSite\",\"@id\":\"https:\/\/tanial.art\/#website\",\"url\":\"https:\/\/tanial.art\/\",\"name\":\"\",\"description\":\"\",\"potentialAction\":[{\"@type\":\"SearchAction\",\"target\":{\"@type\":\"EntryPoint\",\"urlTemplate\":\"https:\/\/tanial.art\/?s={search_term_string}\"},\"query-input\":\"required name=search_term_string\"}],\"inLanguage\":\"fr-FR\"},{\"@type\":\"WebPage\",\"@id\":\"https:\/\/tanial.art\/?page_id=2611\",\"url\":\"https:\/\/tanial.art\/?page_id=2611\",\"name\":\"PROJET : ESPACE - TEMPS -\",\"isPartOf\":{\"@id\":\"https:\/\/tanial.art\/#website\"},\"datePublished\":\"2025-05-04T20:55:31+00:00\",\"dateModified\":\"2025-05-18T07:42:31+00:00\",\"breadcrumb\":{\"@id\":\"https:\/\/tanial.art\/?page_id=2611#breadcrumb\"},\"inLanguage\":\"fr-FR\",\"potentialAction\":[{\"@type\":\"ReadAction\",\"target\":[\"https:\/\/tanial.art\/?page_id=2611\"]}]},{\"@type\":\"BreadcrumbList\",\"@id\":\"https:\/\/tanial.art\/?page_id=2611#breadcrumb\",\"itemListElement\":[{\"@type\":\"ListItem\",\"position\":1,\"name\":\"Accueil\",\"item\":\"https:\/\/tanial.art\/\"},{\"@type\":\"ListItem\",\"position\":2,\"name\":\"PROJET : ESPACE &#8211; TEMPS\"}]}]}<\/script>\n<!-- \/ Yoast SEO plugin. -->","yoast_head_json":{"title":"PROJET : ESPACE - TEMPS -","robots":{"index":"index","follow":"follow","max-snippet":"max-snippet:-1","max-image-preview":"max-image-preview:large","max-video-preview":"max-video-preview:-1"},"canonical":"https:\/\/tanial.art\/?page_id=2611","og_locale":"fr_FR","og_type":"article","og_title":"PROJET : ESPACE - TEMPS -","og_description":"Cette s\u00e9rie explore la porosit\u00e9 entre les temporalit\u00e9s : celle d&rsquo;un pass\u00e9 artistique r\u00e9volu et celle, instable, de notre pr\u00e9sent. Chaque \u0153uvre ancienne devient ici un point d&rsquo;ancrage, un fragment initial autour duquel se d\u00e9ploie une nouvelle narration visuelle, contemporaine. L&rsquo;espace-temps n&rsquo;est pas trait\u00e9 comme une donn\u00e9e lin\u00e9aire mais comme une mati\u00e8re plastique, fluide. Le [&hellip;]","og_url":"https:\/\/tanial.art\/?page_id=2611","article_modified_time":"2025-05-18T07:42:31+00:00","og_image":[{"url":"https:\/\/tanial.art\/wp-content\/uploads\/2017\/11\/infanta_1000px-286x300.jpg"}],"twitter_card":"summary_large_image","twitter_misc":{"Dur\u00e9e de lecture estim\u00e9e":"2 minutes"},"schema":{"@context":"https:\/\/schema.org","@graph":[{"@type":"WebSite","@id":"https:\/\/tanial.art\/#website","url":"https:\/\/tanial.art\/","name":"","description":"","potentialAction":[{"@type":"SearchAction","target":{"@type":"EntryPoint","urlTemplate":"https:\/\/tanial.art\/?s={search_term_string}"},"query-input":"required name=search_term_string"}],"inLanguage":"fr-FR"},{"@type":"WebPage","@id":"https:\/\/tanial.art\/?page_id=2611","url":"https:\/\/tanial.art\/?page_id=2611","name":"PROJET : ESPACE - TEMPS -","isPartOf":{"@id":"https:\/\/tanial.art\/#website"},"datePublished":"2025-05-04T20:55:31+00:00","dateModified":"2025-05-18T07:42:31+00:00","breadcrumb":{"@id":"https:\/\/tanial.art\/?page_id=2611#breadcrumb"},"inLanguage":"fr-FR","potentialAction":[{"@type":"ReadAction","target":["https:\/\/tanial.art\/?page_id=2611"]}]},{"@type":"BreadcrumbList","@id":"https:\/\/tanial.art\/?page_id=2611#breadcrumb","itemListElement":[{"@type":"ListItem","position":1,"name":"Accueil","item":"https:\/\/tanial.art\/"},{"@type":"ListItem","position":2,"name":"PROJET : ESPACE &#8211; TEMPS"}]}]}},"_links":{"self":[{"href":"https:\/\/tanial.art\/index.php?rest_route=\/wp\/v2\/pages\/2611"}],"collection":[{"href":"https:\/\/tanial.art\/index.php?rest_route=\/wp\/v2\/pages"}],"about":[{"href":"https:\/\/tanial.art\/index.php?rest_route=\/wp\/v2\/types\/page"}],"author":[{"embeddable":true,"href":"https:\/\/tanial.art\/index.php?rest_route=\/wp\/v2\/users\/1"}],"replies":[{"embeddable":true,"href":"https:\/\/tanial.art\/index.php?rest_route=%2Fwp%2Fv2%2Fcomments&post=2611"}],"version-history":[{"count":22,"href":"https:\/\/tanial.art\/index.php?rest_route=\/wp\/v2\/pages\/2611\/revisions"}],"predecessor-version":[{"id":2753,"href":"https:\/\/tanial.art\/index.php?rest_route=\/wp\/v2\/pages\/2611\/revisions\/2753"}],"wp:attachment":[{"href":"https:\/\/tanial.art\/index.php?rest_route=%2Fwp%2Fv2%2Fmedia&parent=2611"}],"curies":[{"name":"wp","href":"https:\/\/api.w.org\/{rel}","templated":true}]}}