{"id":2597,"date":"2025-05-04T22:37:19","date_gmt":"2025-05-04T20:37:19","guid":{"rendered":"https:\/\/tanial.art\/?page_id=2597"},"modified":"2025-05-07T10:33:56","modified_gmt":"2025-05-07T08:33:56","slug":"projet-retour-aux-sources","status":"publish","type":"page","link":"https:\/\/tanial.art\/?page_id=2597","title":{"rendered":"PROJET : RETOUR AUX SOURCES"},"content":{"rendered":"\n<p class=\"has-black-color has-text-color\">L\u2019exposition Retour aux sources offre une plong\u00e9e \u00e9mouvante dans une s\u00e9rie de paysages tir\u00e9s de peintures anciennes, revisit\u00e9s avec une sensibilit\u00e9 contemporaine. Loin de simples reproductions, ces \u0153uvres transforment les tableaux d\u2019antan en espaces intimes et universels, charg\u00e9s de nostalgie et d\u2019un silence contemplatif. Intitul\u00e9e Retour aux sources, la s\u00e9rie explore le paysage comme un territoire de l\u2019\u00e2me, o\u00f9 m\u00e9moire et \u00e9motions se rencontrent, \u00e9voquant des r\u00e9miniscences d\u2019un pass\u00e9 \u00e0 la fois personnel et collectif.<\/p>\n\n\n\n<p class=\"has-black-color has-text-color\">Ancr\u00e9es dans une esth\u00e9tique classique, avec leurs jeux de lumi\u00e8re d\u00e9licats et leurs teintes profondes, les \u0153uvres s\u2019en \u00e9loignent par un geste pictural fluide et m\u00e9ditatif, guid\u00e9 par le souvenir plus que par la fid\u00e9lit\u00e9 au r\u00e9el. Les paysages semblent \u00e9merger d\u2019un temps suspendu, leurs formes adoucies et leurs couleurs vibrant d\u2019une \u00e9motion oubli\u00e9e, comme vues \u00e0 travers le voile de la m\u00e9moire. Ils deviennent des refuges int\u00e9rieurs, des lieux de retour et de r\u00e9paration, o\u00f9 l\u2019artiste interroge notre lien aux origines, \u00e0 la beaut\u00e9 et \u00e0 ce qui nous semble perdu.<\/p>\n\n\n\n<p class=\"has-black-color has-text-color\">Retour aux sources est une m\u00e9ditation sur la m\u00e9moire et le temps, un dialogue entre pass\u00e9 et pr\u00e9sent. Ces paysages, bien plus que des sc\u00e8nes fig\u00e9es, invitent \u00e0 renouer avec une part enfouie de nous-m\u00eames, c\u00e9l\u00e9brant la capacit\u00e9 de l\u2019art \u00e0 raviver ce qui, malgr\u00e9 les si\u00e8cles, demeure vivant et universel.<\/p>\n\n\n\n<figure class=\"wp-block-image size-full\"><img loading=\"lazy\" width=\"800\" height=\"347\" src=\"https:\/\/tanial.art\/wp-content\/uploads\/2025\/05\/evanescence-du-voyage-H30-x-L-variable.jpg\" alt=\"\" class=\"wp-image-2590\" srcset=\"https:\/\/tanial.art\/wp-content\/uploads\/2025\/05\/evanescence-du-voyage-H30-x-L-variable.jpg 800w, https:\/\/tanial.art\/wp-content\/uploads\/2025\/05\/evanescence-du-voyage-H30-x-L-variable-300x130.jpg 300w, https:\/\/tanial.art\/wp-content\/uploads\/2025\/05\/evanescence-du-voyage-H30-x-L-variable-768x333.jpg 768w\" sizes=\"(max-width: 800px) 100vw, 800px\" \/><\/figure>\n\n\n\n<div class=\"wp-block-dgwt-justified-gallery\">\n\t\t<style type=\"text\/css\">\n\t\t\t#gallery-1 {\n\t\t\t\tmargin: auto;\n\t\t\t}\n\t\t\t#gallery-1 .gallery-item {\n\t\t\t\tfloat: left;\n\t\t\t\tmargin-top: 10px;\n\t\t\t\ttext-align: center;\n\t\t\t\twidth: 33%;\n\t\t\t}\n\t\t\t#gallery-1 img {\n\t\t\t\tborder: 2px solid #cfcfcf;\n\t\t\t}\n\t\t\t#gallery-1 .gallery-caption {\n\t\t\t\tmargin-left: 0;\n\t\t\t}\n\t\t\t\/* see gallery_shortcode() in wp-includes\/media.php *\/\n\t\t<\/style>\n\t\t<div id='gallery-1' class='gallery galleryid-2597 gallery-columns-3 gallery-size-thumbnail'><dl class='gallery-item'>\n\t\t\t<dt class='gallery-icon landscape'>\n\t\t\t\t<a href='https:\/\/tanial.art\/?attachment_id=2602'><img width=\"150\" height=\"150\" src=\"https:\/\/tanial.art\/wp-content\/uploads\/2025\/05\/IMG_5944-150x150.jpg\" class=\"attachment-thumbnail size-thumbnail\" alt=\"\" loading=\"lazy\" \/><\/a>\n\t\t\t<\/dt><\/dl><dl class='gallery-item'>\n\t\t\t<dt class='gallery-icon portrait'>\n\t\t\t\t<a href='https:\/\/tanial.art\/?attachment_id=2593'><img width=\"150\" height=\"150\" src=\"https:\/\/tanial.art\/wp-content\/uploads\/2025\/05\/Fenetre-sur-l-intemporel-1-_L50-x-H80-cms-150x150.jpg\" class=\"attachment-thumbnail size-thumbnail\" alt=\"\" loading=\"lazy\" \/><\/a>\n\t\t\t<\/dt><\/dl><dl class='gallery-item'>\n\t\t\t<dt class='gallery-icon portrait'>\n\t\t\t\t<a href='https:\/\/tanial.art\/?attachment_id=2591'><img width=\"150\" height=\"150\" src=\"https:\/\/tanial.art\/wp-content\/uploads\/2025\/05\/Fenetre-sur-l-intemporel-2-_L50-x-H80-cms-150x150.jpg\" class=\"attachment-thumbnail size-thumbnail\" alt=\"\" loading=\"lazy\" \/><\/a>\n\t\t\t<\/dt><\/dl><br style=\"clear: both\" \/><dl class='gallery-item'>\n\t\t\t<dt class='gallery-icon portrait'>\n\t\t\t\t<a href='https:\/\/tanial.art\/?attachment_id=2592'><img width=\"150\" height=\"150\" src=\"https:\/\/tanial.art\/wp-content\/uploads\/2025\/05\/Paysage-avec-un-oiseau-L72-x-H93-cms--150x150.jpg\" class=\"attachment-thumbnail size-thumbnail\" alt=\"\" loading=\"lazy\" \/><\/a>\n\t\t\t<\/dt><\/dl><dl class='gallery-item'>\n\t\t\t<dt class='gallery-icon portrait'>\n\t\t\t\t<a href='https:\/\/tanial.art\/?attachment_id=2589'><img width=\"150\" height=\"150\" src=\"https:\/\/tanial.art\/wp-content\/uploads\/2025\/05\/paysage-avec-les-nuages-L73-x-H92-cms--150x150.jpg\" class=\"attachment-thumbnail size-thumbnail\" alt=\"\" loading=\"lazy\" \/><\/a>\n\t\t\t<\/dt><\/dl><dl class='gallery-item'>\n\t\t\t<dt class='gallery-icon portrait'>\n\t\t\t\t<a href='https:\/\/tanial.art\/?attachment_id=2588'><img width=\"150\" height=\"150\" src=\"https:\/\/tanial.art\/wp-content\/uploads\/2025\/05\/paysage-avec-un-bateau-L72-x-H98-cms-150x150.jpg\" class=\"attachment-thumbnail size-thumbnail\" alt=\"\" loading=\"lazy\" \/><\/a>\n\t\t\t<\/dt><\/dl><br style=\"clear: both\" \/><dl class='gallery-item'>\n\t\t\t<dt class='gallery-icon portrait'>\n\t\t\t\t<a href='https:\/\/tanial.art\/?attachment_id=2603'><img width=\"150\" height=\"150\" src=\"https:\/\/tanial.art\/wp-content\/uploads\/2025\/05\/IMG_5945-1-150x150.jpg\" class=\"attachment-thumbnail size-thumbnail\" alt=\"\" loading=\"lazy\" \/><\/a>\n\t\t\t<\/dt><\/dl><dl class='gallery-item'>\n\t\t\t<dt class='gallery-icon portrait'>\n\t\t\t\t<a href='https:\/\/tanial.art\/?attachment_id=2604'><img width=\"150\" height=\"150\" src=\"https:\/\/tanial.art\/wp-content\/uploads\/2025\/05\/IMG_5946-150x150.jpg\" class=\"attachment-thumbnail size-thumbnail\" alt=\"\" loading=\"lazy\" \/><\/a>\n\t\t\t<\/dt><\/dl><dl class='gallery-item'>\n\t\t\t<dt class='gallery-icon portrait'>\n\t\t\t\t<a href='https:\/\/tanial.art\/?attachment_id=2605'><img width=\"150\" height=\"150\" src=\"https:\/\/tanial.art\/wp-content\/uploads\/2025\/05\/IMG_5947-150x150.jpg\" class=\"attachment-thumbnail size-thumbnail\" alt=\"\" loading=\"lazy\" \/><\/a>\n\t\t\t<\/dt><\/dl><br style=\"clear: both\" \/>\n\t\t<\/div>\n<\/div>\n\n\n\n<p class=\"has-black-color has-text-color\">Peinture \u00e0 l&rsquo;huile sur un support de ma cr\u00e9ation , 2024<\/p>\n\n\n\n<figure class=\"wp-block-image size-full is-resized\"><img loading=\"lazy\" src=\"https:\/\/tanial.art\/wp-content\/uploads\/2021\/09\/blanc-1.jpg\" alt=\"\" class=\"wp-image-2108\" width=\"57\" height=\"125\"\/><\/figure>\n\n\n\n<div class=\"wp-block-dgwt-justified-gallery\">\n\t\t<style type=\"text\/css\">\n\t\t\t#gallery-2 {\n\t\t\t\tmargin: auto;\n\t\t\t}\n\t\t\t#gallery-2 .gallery-item {\n\t\t\t\tfloat: left;\n\t\t\t\tmargin-top: 10px;\n\t\t\t\ttext-align: center;\n\t\t\t\twidth: 33%;\n\t\t\t}\n\t\t\t#gallery-2 img {\n\t\t\t\tborder: 2px solid #cfcfcf;\n\t\t\t}\n\t\t\t#gallery-2 .gallery-caption {\n\t\t\t\tmargin-left: 0;\n\t\t\t}\n\t\t\t\/* see gallery_shortcode() in wp-includes\/media.php *\/\n\t\t<\/style>\n\t\t<div id='gallery-2' class='gallery galleryid-2597 gallery-columns-3 gallery-size-thumbnail'><dl class='gallery-item'>\n\t\t\t<dt class='gallery-icon landscape'>\n\t\t\t\t<a href='https:\/\/tanial.art\/?attachment_id=2147'><img width=\"150\" height=\"150\" src=\"https:\/\/tanial.art\/wp-content\/uploads\/2021\/09\/fleurs-et-oiseau_p-2-150x150.jpg\" class=\"attachment-thumbnail size-thumbnail\" alt=\"artiste Tania Luchinkina (TaniaL)\" loading=\"lazy\" srcset=\"https:\/\/tanial.art\/wp-content\/uploads\/2021\/09\/fleurs-et-oiseau_p-2-150x150.jpg 150w, https:\/\/tanial.art\/wp-content\/uploads\/2021\/09\/fleurs-et-oiseau_p-2-300x298.jpg 300w, https:\/\/tanial.art\/wp-content\/uploads\/2021\/09\/fleurs-et-oiseau_p-2-768x762.jpg 768w, https:\/\/tanial.art\/wp-content\/uploads\/2021\/09\/fleurs-et-oiseau_p-2.jpg 800w\" sizes=\"(max-width: 150px) 100vw, 150px\" \/><\/a>\n\t\t\t<\/dt><\/dl><dl class='gallery-item'>\n\t\t\t<dt class='gallery-icon landscape'>\n\t\t\t\t<a href='https:\/\/tanial.art\/?attachment_id=2261'><img width=\"150\" height=\"150\" src=\"https:\/\/tanial.art\/wp-content\/uploads\/2021\/11\/14Capture_interieur-150x150.jpg\" class=\"attachment-thumbnail size-thumbnail\" alt=\"Tania Luchinkina artiste\" loading=\"lazy\" \/><\/a>\n\t\t\t<\/dt><\/dl><dl class='gallery-item'>\n\t\t\t<dt class='gallery-icon portrait'>\n\t\t\t\t<a href='https:\/\/tanial.art\/?attachment_id=1595'><img width=\"150\" height=\"150\" src=\"https:\/\/tanial.art\/wp-content\/uploads\/2020\/11\/fleur1--150x150.jpg\" class=\"attachment-thumbnail size-thumbnail\" alt=\"Artist Tania Luchinkina (TaniaL) Fleur\" loading=\"lazy\" \/><\/a>\n\t\t\t<\/dt><\/dl><br style=\"clear: both\" \/><dl class='gallery-item'>\n\t\t\t<dt class='gallery-icon landscape'>\n\t\t\t\t<a href='https:\/\/tanial.art\/?attachment_id=2403'><img width=\"150\" height=\"150\" src=\"https:\/\/tanial.art\/wp-content\/uploads\/2022\/10\/nature-morte_volume_sans_pau-150x150.jpg\" class=\"attachment-thumbnail size-thumbnail\" alt=\"\" loading=\"lazy\" srcset=\"https:\/\/tanial.art\/wp-content\/uploads\/2022\/10\/nature-morte_volume_sans_pau-150x150.jpg 150w, https:\/\/tanial.art\/wp-content\/uploads\/2022\/10\/nature-morte_volume_sans_pau-300x298.jpg 300w, https:\/\/tanial.art\/wp-content\/uploads\/2022\/10\/nature-morte_volume_sans_pau-1024x1017.jpg 1024w, https:\/\/tanial.art\/wp-content\/uploads\/2022\/10\/nature-morte_volume_sans_pau-768x762.jpg 768w, https:\/\/tanial.art\/wp-content\/uploads\/2022\/10\/nature-morte_volume_sans_pau-1536x1525.jpg 1536w, https:\/\/tanial.art\/wp-content\/uploads\/2022\/10\/nature-morte_volume_sans_pau.jpg 1644w\" sizes=\"(max-width: 150px) 100vw, 150px\" \/><\/a>\n\t\t\t<\/dt><\/dl><dl class='gallery-item'>\n\t\t\t<dt class='gallery-icon portrait'>\n\t\t\t\t<a href='https:\/\/tanial.art\/?attachment_id=1201'><img width=\"150\" height=\"150\" src=\"https:\/\/tanial.art\/wp-content\/uploads\/2019\/06\/IMG_5498-1-150x150.jpg\" class=\"attachment-thumbnail size-thumbnail\" alt=\"Artist Tania Luchinkina (Tania L) Fleur\" loading=\"lazy\" \/><\/a>\n\t\t\t<\/dt><\/dl><dl class='gallery-item'>\n\t\t\t<dt class='gallery-icon landscape'>\n\t\t\t\t<a href='https:\/\/tanial.art\/?attachment_id=1203'><img width=\"150\" height=\"150\" src=\"https:\/\/tanial.art\/wp-content\/uploads\/2019\/06\/IMG_5498_fragment-150x150.jpg\" class=\"attachment-thumbnail size-thumbnail\" alt=\"Artist Tania Luchinkina (Tania L) Fleur\" loading=\"lazy\" \/><\/a>\n\t\t\t<\/dt><\/dl><br style=\"clear: both\" \/>\n\t\t<\/div>\n<\/div>\n\n\n\n<p class=\"has-black-color has-text-color\">Peinture \u00e0 l&rsquo;huile sur un support de ma cr\u00e9ation , 2024<\/p>\n\n\n\n<figure class=\"wp-block-image size-full is-resized\"><img loading=\"lazy\" src=\"https:\/\/tanial.art\/wp-content\/uploads\/2021\/09\/blanc-1.jpg\" alt=\"\" class=\"wp-image-2108\" width=\"57\" height=\"125\"\/><\/figure>\n\n\n\n<div class=\"wp-block-dgwt-justified-gallery\">\n\t\t<style type=\"text\/css\">\n\t\t\t#gallery-3 {\n\t\t\t\tmargin: auto;\n\t\t\t}\n\t\t\t#gallery-3 .gallery-item {\n\t\t\t\tfloat: left;\n\t\t\t\tmargin-top: 10px;\n\t\t\t\ttext-align: center;\n\t\t\t\twidth: 33%;\n\t\t\t}\n\t\t\t#gallery-3 img {\n\t\t\t\tborder: 2px solid #cfcfcf;\n\t\t\t}\n\t\t\t#gallery-3 .gallery-caption {\n\t\t\t\tmargin-left: 0;\n\t\t\t}\n\t\t\t\/* see gallery_shortcode() in wp-includes\/media.php *\/\n\t\t<\/style>\n\t\t<div id='gallery-3' class='gallery galleryid-2597 gallery-columns-3 gallery-size-thumbnail'><dl class='gallery-item'>\n\t\t\t<dt class='gallery-icon portrait'>\n\t\t\t\t<a href='https:\/\/tanial.art\/?attachment_id=2675'><img width=\"150\" height=\"150\" src=\"https:\/\/tanial.art\/wp-content\/uploads\/2025\/05\/Fleur-Serie-L-Instant-Suspendu-_-L29-x-H66-cms_p-150x150.jpg\" class=\"attachment-thumbnail size-thumbnail\" alt=\"\" loading=\"lazy\" \/><\/a>\n\t\t\t<\/dt><\/dl><dl class='gallery-item'>\n\t\t\t<dt class='gallery-icon portrait'>\n\t\t\t\t<a href='https:\/\/tanial.art\/?attachment_id=2676'><img width=\"150\" height=\"150\" src=\"https:\/\/tanial.art\/wp-content\/uploads\/2025\/05\/Iris-Serie-L-Instant-Suspendu-_-L41-x-H645-cms_p-150x150.jpg\" class=\"attachment-thumbnail size-thumbnail\" alt=\"\" loading=\"lazy\" \/><\/a>\n\t\t\t<\/dt><\/dl><dl class='gallery-item'>\n\t\t\t<dt class='gallery-icon portrait'>\n\t\t\t\t<a href='https:\/\/tanial.art\/?attachment_id=2677'><img width=\"150\" height=\"150\" src=\"https:\/\/tanial.art\/wp-content\/uploads\/2025\/05\/Rose-Serie-L-Instant-Suspendu-_-L31-x-H66-cms_p-150x150.jpg\" class=\"attachment-thumbnail size-thumbnail\" alt=\"\" loading=\"lazy\" \/><\/a>\n\t\t\t<\/dt><\/dl><br style=\"clear: both\" \/><dl class='gallery-item'>\n\t\t\t<dt class='gallery-icon portrait'>\n\t\t\t\t<a href='https:\/\/tanial.art\/?attachment_id=2678'><img width=\"150\" height=\"150\" src=\"https:\/\/tanial.art\/wp-content\/uploads\/2025\/05\/Tulipe-Serie-L-Instant-Suspendu-_-L33-x-H56-cms_p-150x150.jpg\" class=\"attachment-thumbnail size-thumbnail\" alt=\"\" loading=\"lazy\" \/><\/a>\n\t\t\t<\/dt><\/dl>\n\t\t\t<br style='clear: both' \/>\n\t\t<\/div>\n<\/div>\n\n\n\n<p class=\"has-black-color has-text-color\"> Peinture \u00e0 l&rsquo;huile sur un support de ma cr\u00e9ation , 2024 <\/p>\n","protected":false},"excerpt":{"rendered":"<p>L\u2019exposition Retour aux sources offre une plong\u00e9e \u00e9mouvante dans une s\u00e9rie de paysages tir\u00e9s de peintures anciennes, revisit\u00e9s avec une sensibilit\u00e9 contemporaine. Loin de simples reproductions, ces \u0153uvres transforment les tableaux d\u2019antan en espaces intimes et universels, charg\u00e9s de nostalgie et d\u2019un silence contemplatif. Intitul\u00e9e Retour aux sources, la s\u00e9rie explore le paysage comme un [&hellip;]<\/p>\n","protected":false},"author":1,"featured_media":0,"parent":0,"menu_order":0,"comment_status":"closed","ping_status":"closed","template":"","meta":[],"yoast_head":"<!-- This site is optimized with the Yoast SEO plugin v19.4 - https:\/\/yoast.com\/wordpress\/plugins\/seo\/ -->\n<title>PROJET : RETOUR AUX SOURCES -<\/title>\n<meta name=\"robots\" content=\"index, follow, max-snippet:-1, max-image-preview:large, max-video-preview:-1\" \/>\n<link rel=\"canonical\" href=\"https:\/\/tanial.art\/?page_id=2597\" \/>\n<meta property=\"og:locale\" content=\"fr_FR\" \/>\n<meta property=\"og:type\" content=\"article\" \/>\n<meta property=\"og:title\" content=\"PROJET : RETOUR AUX SOURCES -\" \/>\n<meta property=\"og:description\" content=\"L\u2019exposition Retour aux sources offre une plong\u00e9e \u00e9mouvante dans une s\u00e9rie de paysages tir\u00e9s de peintures anciennes, revisit\u00e9s avec une sensibilit\u00e9 contemporaine. Loin de simples reproductions, ces \u0153uvres transforment les tableaux d\u2019antan en espaces intimes et universels, charg\u00e9s de nostalgie et d\u2019un silence contemplatif. Intitul\u00e9e Retour aux sources, la s\u00e9rie explore le paysage comme un [&hellip;]\" \/>\n<meta property=\"og:url\" content=\"https:\/\/tanial.art\/?page_id=2597\" \/>\n<meta property=\"article:modified_time\" content=\"2025-05-07T08:33:56+00:00\" \/>\n<meta property=\"og:image\" content=\"https:\/\/tanial.art\/wp-content\/uploads\/2025\/05\/IMG_5944-300x178.jpg\" \/>\n<meta name=\"twitter:card\" content=\"summary_large_image\" \/>\n<meta name=\"twitter:label1\" content=\"Dur\u00e9e de lecture estim\u00e9e\" \/>\n\t<meta name=\"twitter:data1\" content=\"2 minutes\" \/>\n<script type=\"application\/ld+json\" class=\"yoast-schema-graph\">{\"@context\":\"https:\/\/schema.org\",\"@graph\":[{\"@type\":\"WebSite\",\"@id\":\"https:\/\/tanial.art\/#website\",\"url\":\"https:\/\/tanial.art\/\",\"name\":\"\",\"description\":\"\",\"potentialAction\":[{\"@type\":\"SearchAction\",\"target\":{\"@type\":\"EntryPoint\",\"urlTemplate\":\"https:\/\/tanial.art\/?s={search_term_string}\"},\"query-input\":\"required name=search_term_string\"}],\"inLanguage\":\"fr-FR\"},{\"@type\":\"WebPage\",\"@id\":\"https:\/\/tanial.art\/?page_id=2597\",\"url\":\"https:\/\/tanial.art\/?page_id=2597\",\"name\":\"PROJET : RETOUR AUX SOURCES -\",\"isPartOf\":{\"@id\":\"https:\/\/tanial.art\/#website\"},\"datePublished\":\"2025-05-04T20:37:19+00:00\",\"dateModified\":\"2025-05-07T08:33:56+00:00\",\"breadcrumb\":{\"@id\":\"https:\/\/tanial.art\/?page_id=2597#breadcrumb\"},\"inLanguage\":\"fr-FR\",\"potentialAction\":[{\"@type\":\"ReadAction\",\"target\":[\"https:\/\/tanial.art\/?page_id=2597\"]}]},{\"@type\":\"BreadcrumbList\",\"@id\":\"https:\/\/tanial.art\/?page_id=2597#breadcrumb\",\"itemListElement\":[{\"@type\":\"ListItem\",\"position\":1,\"name\":\"Accueil\",\"item\":\"https:\/\/tanial.art\/\"},{\"@type\":\"ListItem\",\"position\":2,\"name\":\"PROJET : RETOUR AUX SOURCES\"}]}]}<\/script>\n<!-- \/ Yoast SEO plugin. -->","yoast_head_json":{"title":"PROJET : RETOUR AUX SOURCES -","robots":{"index":"index","follow":"follow","max-snippet":"max-snippet:-1","max-image-preview":"max-image-preview:large","max-video-preview":"max-video-preview:-1"},"canonical":"https:\/\/tanial.art\/?page_id=2597","og_locale":"fr_FR","og_type":"article","og_title":"PROJET : RETOUR AUX SOURCES -","og_description":"L\u2019exposition Retour aux sources offre une plong\u00e9e \u00e9mouvante dans une s\u00e9rie de paysages tir\u00e9s de peintures anciennes, revisit\u00e9s avec une sensibilit\u00e9 contemporaine. Loin de simples reproductions, ces \u0153uvres transforment les tableaux d\u2019antan en espaces intimes et universels, charg\u00e9s de nostalgie et d\u2019un silence contemplatif. Intitul\u00e9e Retour aux sources, la s\u00e9rie explore le paysage comme un [&hellip;]","og_url":"https:\/\/tanial.art\/?page_id=2597","article_modified_time":"2025-05-07T08:33:56+00:00","og_image":[{"url":"https:\/\/tanial.art\/wp-content\/uploads\/2025\/05\/IMG_5944-300x178.jpg"}],"twitter_card":"summary_large_image","twitter_misc":{"Dur\u00e9e de lecture estim\u00e9e":"2 minutes"},"schema":{"@context":"https:\/\/schema.org","@graph":[{"@type":"WebSite","@id":"https:\/\/tanial.art\/#website","url":"https:\/\/tanial.art\/","name":"","description":"","potentialAction":[{"@type":"SearchAction","target":{"@type":"EntryPoint","urlTemplate":"https:\/\/tanial.art\/?s={search_term_string}"},"query-input":"required name=search_term_string"}],"inLanguage":"fr-FR"},{"@type":"WebPage","@id":"https:\/\/tanial.art\/?page_id=2597","url":"https:\/\/tanial.art\/?page_id=2597","name":"PROJET : RETOUR AUX SOURCES -","isPartOf":{"@id":"https:\/\/tanial.art\/#website"},"datePublished":"2025-05-04T20:37:19+00:00","dateModified":"2025-05-07T08:33:56+00:00","breadcrumb":{"@id":"https:\/\/tanial.art\/?page_id=2597#breadcrumb"},"inLanguage":"fr-FR","potentialAction":[{"@type":"ReadAction","target":["https:\/\/tanial.art\/?page_id=2597"]}]},{"@type":"BreadcrumbList","@id":"https:\/\/tanial.art\/?page_id=2597#breadcrumb","itemListElement":[{"@type":"ListItem","position":1,"name":"Accueil","item":"https:\/\/tanial.art\/"},{"@type":"ListItem","position":2,"name":"PROJET : RETOUR AUX SOURCES"}]}]}},"_links":{"self":[{"href":"https:\/\/tanial.art\/index.php?rest_route=\/wp\/v2\/pages\/2597"}],"collection":[{"href":"https:\/\/tanial.art\/index.php?rest_route=\/wp\/v2\/pages"}],"about":[{"href":"https:\/\/tanial.art\/index.php?rest_route=\/wp\/v2\/types\/page"}],"author":[{"embeddable":true,"href":"https:\/\/tanial.art\/index.php?rest_route=\/wp\/v2\/users\/1"}],"replies":[{"embeddable":true,"href":"https:\/\/tanial.art\/index.php?rest_route=%2Fwp%2Fv2%2Fcomments&post=2597"}],"version-history":[{"count":4,"href":"https:\/\/tanial.art\/index.php?rest_route=\/wp\/v2\/pages\/2597\/revisions"}],"predecessor-version":[{"id":2679,"href":"https:\/\/tanial.art\/index.php?rest_route=\/wp\/v2\/pages\/2597\/revisions\/2679"}],"wp:attachment":[{"href":"https:\/\/tanial.art\/index.php?rest_route=%2Fwp%2Fv2%2Fmedia&parent=2597"}],"curies":[{"name":"wp","href":"https:\/\/api.w.org\/{rel}","templated":true}]}}