{"id":2469,"date":"2025-04-30T19:05:57","date_gmt":"2025-04-30T17:05:57","guid":{"rendered":"https:\/\/tanial.art\/?page_id=2469"},"modified":"2025-05-06T16:42:39","modified_gmt":"2025-05-06T14:42:39","slug":"projet-une-oeuvre-trouvee-dans-un-grenier","status":"publish","type":"page","link":"https:\/\/tanial.art\/?page_id=2469","title":{"rendered":"PROJET : UNE \u00a0\u0152UVRE TROUV\u00c9E DANS UN GRENIER"},"content":{"rendered":"\n<p class=\"has-black-color has-text-color\">Cette s\u00e9rie na\u00eet d&rsquo;un geste double : celui de la red\u00e9couverte et celui de la transformation. Comme des fragments d&rsquo;un pass\u00e9 enfoui, ces \u0153uvres anciennes \u2014 alt\u00e9r\u00e9es par le temps, d\u00e9chir\u00e9es, incompl\u00e8tes \u2014 surgissent d&rsquo;un grenier imaginaire, porteur de m\u00e9moire, d&rsquo;oubli et de myst\u00e8re.<\/p>\n\n\n\n<p class=\"has-black-color has-text-color\">Mais loin de se limiter \u00e0 une posture nostalgique, le travail entrepris consiste \u00e0 perturber cet h\u00e9ritage visuel. Par l&rsquo;ajout d&rsquo;\u00e9l\u00e9ments tr\u00e8s color\u00e9s, presque anachroniques, la surface picturale devient le th\u00e9\u00e2tre d&rsquo;un dialogue entre deux temporalit\u00e9s. Le pass\u00e9, charg\u00e9 de gravit\u00e9, est fissur\u00e9 par l&rsquo;irruption du pr\u00e9sent, plus vif, plus chaotique. Les d\u00e9chirures ne sont pas r\u00e9par\u00e9es, elles sont mises en lumi\u00e8re, comme des blessures devenues langage plastique.<\/p>\n\n\n\n<p class=\"has-black-color has-text-color\">Chaque \u0153uvre est ainsi un palimpseste \u2014 une m\u00e9moire r\u00e9\u00e9crite, une histoire dont les traces initiales ne sont jamais effac\u00e9es, mais confront\u00e9es \u00e0 une nouvelle \u00e9nergie, \u00e0 une pr\u00e9sence assum\u00e9e du geste contemporain.<\/p>\n\n\n\n<p class=\"has-black-color has-text-color\">Sous l&rsquo;apparente l\u00e9g\u00e8ret\u00e9 des couleurs surgit une r\u00e9flexion sur la transmission, la perte et la transformation : que faisons-nous de ce que nous h\u00e9ritons ? Et comment r\u00e9enchanter les ruines ?<\/p>\n\n\n\n<div class=\"wp-block-dgwt-justified-gallery\">\n\t\t<style type=\"text\/css\">\n\t\t\t#gallery-1 {\n\t\t\t\tmargin: auto;\n\t\t\t}\n\t\t\t#gallery-1 .gallery-item {\n\t\t\t\tfloat: left;\n\t\t\t\tmargin-top: 10px;\n\t\t\t\ttext-align: center;\n\t\t\t\twidth: 33%;\n\t\t\t}\n\t\t\t#gallery-1 img {\n\t\t\t\tborder: 2px solid #cfcfcf;\n\t\t\t}\n\t\t\t#gallery-1 .gallery-caption {\n\t\t\t\tmargin-left: 0;\n\t\t\t}\n\t\t\t\/* see gallery_shortcode() in wp-includes\/media.php *\/\n\t\t<\/style>\n\t\t<div id='gallery-1' class='gallery galleryid-2469 gallery-columns-3 gallery-size-thumbnail'><dl class='gallery-item'>\n\t\t\t<dt class='gallery-icon landscape'>\n\t\t\t\t<a href='https:\/\/tanial.art\/?attachment_id=2467'><img width=\"150\" height=\"150\" src=\"https:\/\/tanial.art\/wp-content\/uploads\/2025\/04\/grenier-150x150.jpg\" class=\"attachment-thumbnail size-thumbnail\" alt=\"\" loading=\"lazy\" \/><\/a>\n\t\t\t<\/dt><\/dl><dl class='gallery-item'>\n\t\t\t<dt class='gallery-icon landscape'>\n\t\t\t\t<a href='https:\/\/tanial.art\/?attachment_id=2470'><img width=\"150\" height=\"150\" src=\"https:\/\/tanial.art\/wp-content\/uploads\/2025\/04\/Tania-Luchinkina-oeuvre-1-2-150x150.jpg\" class=\"attachment-thumbnail size-thumbnail\" alt=\"\" loading=\"lazy\" \/><\/a>\n\t\t\t<\/dt><\/dl><dl class='gallery-item'>\n\t\t\t<dt class='gallery-icon landscape'>\n\t\t\t\t<a href='https:\/\/tanial.art\/?attachment_id=2473'><img width=\"150\" height=\"150\" src=\"https:\/\/tanial.art\/wp-content\/uploads\/2025\/04\/01Capture_interieur_cleopatre-Cagniacci-1-150x150.jpg\" class=\"attachment-thumbnail size-thumbnail\" alt=\"\" loading=\"lazy\" \/><\/a>\n\t\t\t<\/dt><\/dl><br style=\"clear: both\" \/><dl class='gallery-item'>\n\t\t\t<dt class='gallery-icon portrait'>\n\t\t\t\t<a href='https:\/\/tanial.art\/?attachment_id=2475'><img width=\"150\" height=\"150\" src=\"https:\/\/tanial.art\/wp-content\/uploads\/2025\/04\/01cleopatre-Cagniacci-150x150.jpg\" class=\"attachment-thumbnail size-thumbnail\" alt=\"\" loading=\"lazy\" \/><\/a>\n\t\t\t<\/dt><\/dl>\n\t\t\t<br style='clear: both' \/>\n\t\t<\/div>\n<\/div>\n\n\n\n<p class=\"has-black-color has-text-color\">Peinture \u00e0 l&rsquo;huile sur un support de ma cr\u00e9ation, 2023 <\/p>\n\n\n\n<figure class=\"wp-block-image size-full is-resized\"><img loading=\"lazy\" src=\"https:\/\/tanial.art\/wp-content\/uploads\/2021\/09\/blanc-1.jpg\" alt=\"\" class=\"wp-image-2108\" width=\"57\" height=\"125\"\/><\/figure>\n\n\n\n<div class=\"wp-block-dgwt-justified-gallery\">\n\t\t<style type=\"text\/css\">\n\t\t\t#gallery-2 {\n\t\t\t\tmargin: auto;\n\t\t\t}\n\t\t\t#gallery-2 .gallery-item {\n\t\t\t\tfloat: left;\n\t\t\t\tmargin-top: 10px;\n\t\t\t\ttext-align: center;\n\t\t\t\twidth: 33%;\n\t\t\t}\n\t\t\t#gallery-2 img {\n\t\t\t\tborder: 2px solid #cfcfcf;\n\t\t\t}\n\t\t\t#gallery-2 .gallery-caption {\n\t\t\t\tmargin-left: 0;\n\t\t\t}\n\t\t\t\/* see gallery_shortcode() in wp-includes\/media.php *\/\n\t\t<\/style>\n\t\t<div id='gallery-2' class='gallery galleryid-2469 gallery-columns-3 gallery-size-thumbnail'><dl class='gallery-item'>\n\t\t\t<dt class='gallery-icon portrait'>\n\t\t\t\t<a href='https:\/\/tanial.art\/?attachment_id=2472'><img width=\"150\" height=\"150\" src=\"https:\/\/tanial.art\/wp-content\/uploads\/2025\/04\/Voyages-Intemporels-LArt-de-Tania-Luchinkina-08-07-2024\u00a9Tania-Luchinkina-150x150.jpg\" class=\"attachment-thumbnail size-thumbnail\" alt=\"tania Luchinkina\" loading=\"lazy\" \/><\/a>\n\t\t\t<\/dt><\/dl><dl class='gallery-item'>\n\t\t\t<dt class='gallery-icon landscape'>\n\t\t\t\t<a href='https:\/\/tanial.art\/?attachment_id=2474'><img width=\"150\" height=\"150\" src=\"https:\/\/tanial.art\/wp-content\/uploads\/2025\/04\/01image-_couverture-150x150.jpg\" class=\"attachment-thumbnail size-thumbnail\" alt=\"\" loading=\"lazy\" \/><\/a>\n\t\t\t<\/dt><\/dl>\n\t\t\t<br style='clear: both' \/>\n\t\t<\/div>\n<\/div>\n\n\n\n<p class=\"has-black-color has-text-color\">Peinture \u00e0 l&rsquo;huile sur un support de ma cr\u00e9ation, 2023 <\/p>\n\n\n\n<figure class=\"wp-block-image size-full is-resized\"><img loading=\"lazy\" src=\"https:\/\/tanial.art\/wp-content\/uploads\/2021\/09\/blanc-1.jpg\" alt=\"\" class=\"wp-image-2108\" width=\"57\" height=\"125\"\/><\/figure>\n\n\n\n<div class=\"wp-block-dgwt-justified-gallery\">\n\t\t<style type=\"text\/css\">\n\t\t\t#gallery-3 {\n\t\t\t\tmargin: auto;\n\t\t\t}\n\t\t\t#gallery-3 .gallery-item {\n\t\t\t\tfloat: left;\n\t\t\t\tmargin-top: 10px;\n\t\t\t\ttext-align: center;\n\t\t\t\twidth: 33%;\n\t\t\t}\n\t\t\t#gallery-3 img {\n\t\t\t\tborder: 2px solid #cfcfcf;\n\t\t\t}\n\t\t\t#gallery-3 .gallery-caption {\n\t\t\t\tmargin-left: 0;\n\t\t\t}\n\t\t\t\/* see gallery_shortcode() in wp-includes\/media.php *\/\n\t\t<\/style>\n\t\t<div id='gallery-3' class='gallery galleryid-2469 gallery-columns-3 gallery-size-thumbnail'><dl class='gallery-item'>\n\t\t\t<dt class='gallery-icon landscape'>\n\t\t\t\t<a href='https:\/\/tanial.art\/?attachment_id=2476'><img width=\"150\" height=\"150\" src=\"https:\/\/tanial.art\/wp-content\/uploads\/2025\/04\/carlo_dolci-150x150.jpg\" class=\"attachment-thumbnail size-thumbnail\" alt=\"tania Luchinkina\" loading=\"lazy\" \/><\/a>\n\t\t\t<\/dt><\/dl>\n\t\t\t<br style='clear: both' \/>\n\t\t<\/div>\n<\/div>\n\n\n\n<p class=\"has-black-color has-text-color\">Peinture \u00e0 l&rsquo;huile sur un support de ma cr\u00e9ation, 2023 <\/p>\n\n\n\n<figure class=\"wp-block-image size-full is-resized\"><img loading=\"lazy\" src=\"https:\/\/tanial.art\/wp-content\/uploads\/2021\/09\/blanc-1.jpg\" alt=\"\" class=\"wp-image-2108\" width=\"57\" height=\"125\"\/><\/figure>\n\n\n\n<div class=\"wp-block-dgwt-justified-gallery\">\n\t\t<style type=\"text\/css\">\n\t\t\t#gallery-4 {\n\t\t\t\tmargin: auto;\n\t\t\t}\n\t\t\t#gallery-4 .gallery-item {\n\t\t\t\tfloat: left;\n\t\t\t\tmargin-top: 10px;\n\t\t\t\ttext-align: center;\n\t\t\t\twidth: 33%;\n\t\t\t}\n\t\t\t#gallery-4 img {\n\t\t\t\tborder: 2px solid #cfcfcf;\n\t\t\t}\n\t\t\t#gallery-4 .gallery-caption {\n\t\t\t\tmargin-left: 0;\n\t\t\t}\n\t\t\t\/* see gallery_shortcode() in wp-includes\/media.php *\/\n\t\t<\/style>\n\t\t<div id='gallery-4' class='gallery galleryid-2469 gallery-columns-3 gallery-size-thumbnail'><dl class='gallery-item'>\n\t\t\t<dt class='gallery-icon portrait'>\n\t\t\t\t<a href='https:\/\/tanial.art\/?attachment_id=2638'><img width=\"150\" height=\"150\" src=\"https:\/\/tanial.art\/wp-content\/uploads\/2025\/05\/IMG_2496-1-150x150.jpg\" class=\"attachment-thumbnail size-thumbnail\" alt=\"\" loading=\"lazy\" \/><\/a>\n\t\t\t<\/dt><\/dl>\n\t\t\t<br style='clear: both' \/>\n\t\t<\/div>\n<\/div>\n\n\n\n<p class=\"has-black-color has-text-color\"> Peinture \u00e0 l&rsquo;huile sur un support de ma cr\u00e9ation, 2023  <\/p>\n","protected":false},"excerpt":{"rendered":"<p>Cette s\u00e9rie na\u00eet d&rsquo;un geste double : celui de la red\u00e9couverte et celui de la transformation. Comme des fragments d&rsquo;un pass\u00e9 enfoui, ces \u0153uvres anciennes \u2014 alt\u00e9r\u00e9es par le temps, d\u00e9chir\u00e9es, incompl\u00e8tes \u2014 surgissent d&rsquo;un grenier imaginaire, porteur de m\u00e9moire, d&rsquo;oubli et de myst\u00e8re. Mais loin de se limiter \u00e0 une posture nostalgique, le travail [&hellip;]<\/p>\n","protected":false},"author":1,"featured_media":0,"parent":0,"menu_order":0,"comment_status":"closed","ping_status":"closed","template":"","meta":[],"yoast_head":"<!-- This site is optimized with the Yoast SEO plugin v19.4 - https:\/\/yoast.com\/wordpress\/plugins\/seo\/ -->\n<title>PROJET : UNE \u00a0\u0152UVRE TROUV\u00c9E DANS UN GRENIER -<\/title>\n<meta name=\"robots\" content=\"index, follow, max-snippet:-1, max-image-preview:large, max-video-preview:-1\" \/>\n<link rel=\"canonical\" href=\"https:\/\/tanial.art\/?page_id=2469\" \/>\n<meta property=\"og:locale\" content=\"fr_FR\" \/>\n<meta property=\"og:type\" content=\"article\" \/>\n<meta property=\"og:title\" content=\"PROJET : UNE \u00a0\u0152UVRE TROUV\u00c9E DANS UN GRENIER -\" \/>\n<meta property=\"og:description\" content=\"Cette s\u00e9rie na\u00eet d&rsquo;un geste double : celui de la red\u00e9couverte et celui de la transformation. Comme des fragments d&rsquo;un pass\u00e9 enfoui, ces \u0153uvres anciennes \u2014 alt\u00e9r\u00e9es par le temps, d\u00e9chir\u00e9es, incompl\u00e8tes \u2014 surgissent d&rsquo;un grenier imaginaire, porteur de m\u00e9moire, d&rsquo;oubli et de myst\u00e8re. Mais loin de se limiter \u00e0 une posture nostalgique, le travail [&hellip;]\" \/>\n<meta property=\"og:url\" content=\"https:\/\/tanial.art\/?page_id=2469\" \/>\n<meta property=\"article:modified_time\" content=\"2025-05-06T14:42:39+00:00\" \/>\n<meta property=\"og:image\" content=\"https:\/\/tanial.art\/wp-content\/uploads\/2025\/04\/grenier-300x193.jpg\" \/>\n<meta name=\"twitter:card\" content=\"summary_large_image\" \/>\n<meta name=\"twitter:label1\" content=\"Dur\u00e9e de lecture estim\u00e9e\" \/>\n\t<meta name=\"twitter:data1\" content=\"2 minutes\" \/>\n<script type=\"application\/ld+json\" class=\"yoast-schema-graph\">{\"@context\":\"https:\/\/schema.org\",\"@graph\":[{\"@type\":\"WebSite\",\"@id\":\"https:\/\/tanial.art\/#website\",\"url\":\"https:\/\/tanial.art\/\",\"name\":\"\",\"description\":\"\",\"potentialAction\":[{\"@type\":\"SearchAction\",\"target\":{\"@type\":\"EntryPoint\",\"urlTemplate\":\"https:\/\/tanial.art\/?s={search_term_string}\"},\"query-input\":\"required name=search_term_string\"}],\"inLanguage\":\"fr-FR\"},{\"@type\":\"WebPage\",\"@id\":\"https:\/\/tanial.art\/?page_id=2469\",\"url\":\"https:\/\/tanial.art\/?page_id=2469\",\"name\":\"PROJET : UNE \u00a0\u0152UVRE TROUV\u00c9E DANS UN GRENIER -\",\"isPartOf\":{\"@id\":\"https:\/\/tanial.art\/#website\"},\"datePublished\":\"2025-04-30T17:05:57+00:00\",\"dateModified\":\"2025-05-06T14:42:39+00:00\",\"breadcrumb\":{\"@id\":\"https:\/\/tanial.art\/?page_id=2469#breadcrumb\"},\"inLanguage\":\"fr-FR\",\"potentialAction\":[{\"@type\":\"ReadAction\",\"target\":[\"https:\/\/tanial.art\/?page_id=2469\"]}]},{\"@type\":\"BreadcrumbList\",\"@id\":\"https:\/\/tanial.art\/?page_id=2469#breadcrumb\",\"itemListElement\":[{\"@type\":\"ListItem\",\"position\":1,\"name\":\"Accueil\",\"item\":\"https:\/\/tanial.art\/\"},{\"@type\":\"ListItem\",\"position\":2,\"name\":\"PROJET : UNE \u00a0\u0152UVRE TROUV\u00c9E DANS UN GRENIER\"}]}]}<\/script>\n<!-- \/ Yoast SEO plugin. -->","yoast_head_json":{"title":"PROJET : UNE \u00a0\u0152UVRE TROUV\u00c9E DANS UN GRENIER -","robots":{"index":"index","follow":"follow","max-snippet":"max-snippet:-1","max-image-preview":"max-image-preview:large","max-video-preview":"max-video-preview:-1"},"canonical":"https:\/\/tanial.art\/?page_id=2469","og_locale":"fr_FR","og_type":"article","og_title":"PROJET : UNE \u00a0\u0152UVRE TROUV\u00c9E DANS UN GRENIER -","og_description":"Cette s\u00e9rie na\u00eet d&rsquo;un geste double : celui de la red\u00e9couverte et celui de la transformation. Comme des fragments d&rsquo;un pass\u00e9 enfoui, ces \u0153uvres anciennes \u2014 alt\u00e9r\u00e9es par le temps, d\u00e9chir\u00e9es, incompl\u00e8tes \u2014 surgissent d&rsquo;un grenier imaginaire, porteur de m\u00e9moire, d&rsquo;oubli et de myst\u00e8re. Mais loin de se limiter \u00e0 une posture nostalgique, le travail [&hellip;]","og_url":"https:\/\/tanial.art\/?page_id=2469","article_modified_time":"2025-05-06T14:42:39+00:00","og_image":[{"url":"https:\/\/tanial.art\/wp-content\/uploads\/2025\/04\/grenier-300x193.jpg"}],"twitter_card":"summary_large_image","twitter_misc":{"Dur\u00e9e de lecture estim\u00e9e":"2 minutes"},"schema":{"@context":"https:\/\/schema.org","@graph":[{"@type":"WebSite","@id":"https:\/\/tanial.art\/#website","url":"https:\/\/tanial.art\/","name":"","description":"","potentialAction":[{"@type":"SearchAction","target":{"@type":"EntryPoint","urlTemplate":"https:\/\/tanial.art\/?s={search_term_string}"},"query-input":"required name=search_term_string"}],"inLanguage":"fr-FR"},{"@type":"WebPage","@id":"https:\/\/tanial.art\/?page_id=2469","url":"https:\/\/tanial.art\/?page_id=2469","name":"PROJET : UNE \u00a0\u0152UVRE TROUV\u00c9E DANS UN GRENIER -","isPartOf":{"@id":"https:\/\/tanial.art\/#website"},"datePublished":"2025-04-30T17:05:57+00:00","dateModified":"2025-05-06T14:42:39+00:00","breadcrumb":{"@id":"https:\/\/tanial.art\/?page_id=2469#breadcrumb"},"inLanguage":"fr-FR","potentialAction":[{"@type":"ReadAction","target":["https:\/\/tanial.art\/?page_id=2469"]}]},{"@type":"BreadcrumbList","@id":"https:\/\/tanial.art\/?page_id=2469#breadcrumb","itemListElement":[{"@type":"ListItem","position":1,"name":"Accueil","item":"https:\/\/tanial.art\/"},{"@type":"ListItem","position":2,"name":"PROJET : UNE \u00a0\u0152UVRE TROUV\u00c9E DANS UN GRENIER"}]}]}},"_links":{"self":[{"href":"https:\/\/tanial.art\/index.php?rest_route=\/wp\/v2\/pages\/2469"}],"collection":[{"href":"https:\/\/tanial.art\/index.php?rest_route=\/wp\/v2\/pages"}],"about":[{"href":"https:\/\/tanial.art\/index.php?rest_route=\/wp\/v2\/types\/page"}],"author":[{"embeddable":true,"href":"https:\/\/tanial.art\/index.php?rest_route=\/wp\/v2\/users\/1"}],"replies":[{"embeddable":true,"href":"https:\/\/tanial.art\/index.php?rest_route=%2Fwp%2Fv2%2Fcomments&post=2469"}],"version-history":[{"count":11,"href":"https:\/\/tanial.art\/index.php?rest_route=\/wp\/v2\/pages\/2469\/revisions"}],"predecessor-version":[{"id":2648,"href":"https:\/\/tanial.art\/index.php?rest_route=\/wp\/v2\/pages\/2469\/revisions\/2648"}],"wp:attachment":[{"href":"https:\/\/tanial.art\/index.php?rest_route=%2Fwp%2Fv2%2Fmedia&parent=2469"}],"curies":[{"name":"wp","href":"https:\/\/api.w.org\/{rel}","templated":true}]}}